{"id":413,"date":"2017-11-08T21:12:40","date_gmt":"2017-11-08T20:12:40","guid":{"rendered":"http:\/\/ahorn-schule.de\/wp\/?page_id=413"},"modified":"2026-01-30T19:06:10","modified_gmt":"2026-01-30T18:06:10","slug":"lesen","status":"publish","type":"page","link":"https:\/\/ahorn-schule.de\/?page_id=413","title":{"rendered":"Lesen"},"content":{"rendered":"<div  class='avia-slideshow av-50btx-62c236f9bd554625a37b13635063da3e avia-slideshow-magazine av_slideshow avia-slide-slider  avia-builder-el-0  el_before_av_textblock  avia-builder-el-first  av-slideshow-ui av-control-default av-slideshow-autoplay av-loop-endless av-loop-manual-endless av-default-height-applied avia-slideshow-1' data-slideshow-options=\"{&quot;animation&quot;:&quot;slide&quot;,&quot;autoplay&quot;:true,&quot;loop_autoplay&quot;:&quot;endless&quot;,&quot;interval&quot;:10,&quot;loop_manual&quot;:&quot;manual-endless&quot;,&quot;autoplay_stopper&quot;:false,&quot;noNavigation&quot;:false,&quot;bg_slider&quot;:false,&quot;keep_padding&quot;:false,&quot;hoverpause&quot;:false,&quot;show_slide_delay&quot;:0}\"  itemprop=\"image\" itemscope=\"itemscope\" itemtype=\"https:\/\/schema.org\/ImageObject\" ><ul class='avia-slideshow-inner ' style='padding-bottom: 52.8169014085%;'><li  class='avia-slideshow-slide av-50btx-62c236f9bd554625a37b13635063da3e__0  slide-1 slide-odd'><div data-rel='slideshow-1' class='avia-slide-wrap '   ><img decoding=\"async\" fetchpriority=\"high\" class=\"wp-image-476 avia-img-lazy-loading-not-476\"  src=\"https:\/\/ahorn-schule.de\/wp-content\/uploads\/2017\/11\/Bibliothek3-710x375.jpg\" width=\"710\" height=\"375\" title='Meine Schule' alt=''  itemprop=\"thumbnailUrl\"   \/><\/div><\/li><li  class='avia-slideshow-slide av-50btx-62c236f9bd554625a37b13635063da3e__1  slide-2 slide-even'><div data-rel='slideshow-1' class='avia-slide-wrap '   ><img decoding=\"async\" fetchpriority=\"high\" class=\"wp-image-487 avia-img-lazy-loading-not-487\"  src=\"https:\/\/ahorn-schule.de\/wp-content\/uploads\/2017\/10\/vorlesetag-710x375.jpg\" width=\"710\" height=\"375\" title='vorlesetag' alt=''  itemprop=\"thumbnailUrl\"   \/><\/div><\/li><li  class='avia-slideshow-slide av-50btx-62c236f9bd554625a37b13635063da3e__2  slide-3 slide-odd'><div data-rel='slideshow-1' class='avia-slide-wrap '   ><img decoding=\"async\" fetchpriority=\"high\" class=\"wp-image-475 avia-img-lazy-loading-not-475\"  src=\"https:\/\/ahorn-schule.de\/wp-content\/uploads\/2017\/11\/Bibliothek2-710x375.jpg\" width=\"710\" height=\"375\" title='Meine Schule' alt=''  itemprop=\"thumbnailUrl\"   \/><\/div><\/li><li  class='avia-slideshow-slide av-50btx-62c236f9bd554625a37b13635063da3e__3  slide-4 slide-even'><div data-rel='slideshow-1' class='avia-slide-wrap '   ><img decoding=\"async\" fetchpriority=\"high\" class=\"wp-image-445 avia-img-lazy-loading-not-445\"  src=\"https:\/\/ahorn-schule.de\/wp-content\/uploads\/2017\/11\/69A236A0-FB77-423C-A290-4C45AAB73D35-710x375.jpeg\" width=\"710\" height=\"375\" title='lesen' alt=''  itemprop=\"thumbnailUrl\"   \/><\/div><\/li><li  class='avia-slideshow-slide av-50btx-62c236f9bd554625a37b13635063da3e__4  slide-5 slide-odd'><div data-rel='slideshow-1' class='avia-slide-wrap '   ><img decoding=\"async\" fetchpriority=\"high\" class=\"wp-image-477 avia-img-lazy-loading-not-477\"  src=\"https:\/\/ahorn-schule.de\/wp-content\/uploads\/2017\/11\/Bibliothek4-710x375.jpg\" width=\"710\" height=\"375\" title='Meine Schule' alt=''  itemprop=\"thumbnailUrl\"   \/><\/div><\/li><\/ul><div class='avia-slideshow-arrows avia-slideshow-controls' ><a href='#prev' class='prev-slide  avia-svg-icon avia-font-svg_entypo-fontello' data-av_svg_icon='left-open-big' data-av_iconset='svg_entypo-fontello' tabindex='-1' title=\"Zur\u00fcck\"><svg version=\"1.1\" xmlns=\"http:\/\/www.w3.org\/2000\/svg\" width=\"15\" height=\"32\" viewBox=\"0 0 15 32\" preserveAspectRatio=\"xMidYMid meet\" aria-labelledby='av-svg-title-1' aria-describedby='av-svg-desc-1' role=\"graphics-symbol\" aria-hidden=\"true\">\n<title id='av-svg-title-1'>Zur\u00fcck<\/title>\n<desc id='av-svg-desc-1'>Zur\u00fcck<\/desc>\n<path d=\"M14.464 27.84q0.832 0.832 0 1.536-0.832 0.832-1.536 0l-12.544-12.608q-0.768-0.768 0-1.6l12.544-12.608q0.704-0.832 1.536 0 0.832 0.704 0 1.536l-11.456 11.904z\"><\/path>\n<\/svg><span class='avia_hidden_link_text'>Zur\u00fcck<\/span><\/a><a href='#next' class='next-slide  avia-svg-icon avia-font-svg_entypo-fontello' data-av_svg_icon='right-open-big' data-av_iconset='svg_entypo-fontello' tabindex='-1' title=\"Weiter\"><svg version=\"1.1\" xmlns=\"http:\/\/www.w3.org\/2000\/svg\" width=\"15\" height=\"32\" viewBox=\"0 0 15 32\" preserveAspectRatio=\"xMidYMid meet\" aria-labelledby='av-svg-title-2' aria-describedby='av-svg-desc-2' role=\"graphics-symbol\" aria-hidden=\"true\">\n<title id='av-svg-title-2'>Weiter<\/title>\n<desc id='av-svg-desc-2'>Weiter<\/desc>\n<path d=\"M0.416 27.84l11.456-11.84-11.456-11.904q-0.832-0.832 0-1.536 0.832-0.832 1.536 0l12.544 12.608q0.768 0.832 0 1.6l-12.544 12.608q-0.704 0.832-1.536 0-0.832-0.704 0-1.536z\"><\/path>\n<\/svg><span class='avia_hidden_link_text'>Weiter<\/span><\/a><\/div><div class='avia-slideshow-dots avia-slideshow-controls'><a href='#1' class='goto-slide active' >1<\/a><a href='#2' class='goto-slide ' >2<\/a><a href='#3' class='goto-slide ' >3<\/a><a href='#4' class='goto-slide ' >4<\/a><a href='#5' class='goto-slide ' >5<\/a><\/div><\/div>\n<section  class='av_textblock_section av-f89z1-6ef259756a97f09cd387d0edd1a6f82a '   itemscope=\"itemscope\" itemtype=\"https:\/\/schema.org\/CreativeWork\" ><div class='avia_textblock'  itemprop=\"text\" ><h3><\/h3>\n<h3><\/h3>\n<h3><span style=\"font-family: arial,helvetica,sans-serif; color: #008000;\">Antolin \u2013 Lesen immer wieder neu entdecken<\/span><\/h3>\n<p><span style=\"font-family: arial, helvetica, sans-serif; font-size: 12pt; color: #000000;\">Antolin ist eine\u00a0 <strong><span style=\"color: #99cc00;\">innovative Plattform zur Lesef\u00f6rderung<\/span><\/strong> f\u00fcr Kinder von der ersten bis zur zehnten Klasse.<\/span><\/p>\n<p><span style=\"font-family: arial, helvetica, sans-serif; font-size: 11pt; color: #000000;\">\u201eWenn man ein Buch gelesen hat, muss man einige Fragen zu dem Buch beantworten, damit man Punkte bekommt\u201c, beschreibt Tom.<\/span><\/p>\n<p><span style=\"font-family: arial, helvetica, sans-serif; font-size: 11pt; color: #000000;\">Seit Jahren ist die Arbeit mir Antolin fester Bestandteil der Lesef\u00f6rderung und des Unterrichts der Ahorn-Schule. Sch\u00fcler und Sch\u00fclerinnen lesen ein Buch und beantworten dann interaktive Quizfragen zum Inhalt. Auf diese Weise f\u00f6rdert Antolin das Lesen und motiviert die Kinder, sich nicht nur mit den Inhalten der gelesenen B\u00fccher auseinander zu setzen.<\/span><\/p>\n<p><span style=\"font-family: arial, helvetica, sans-serif; font-size: 11pt; color: #000000;\">Auf <a style=\"color: #000000;\" href=\"https:\/\/www.antolin.de\/\"><span style=\"color: #99cc00;\">https:\/\/www.antolin.de\/<\/span><\/a> kann man Antolin finden. Frage deine Klassenlehrerin nach deinem Passwort, damit du zu Hause deine gelesenen B\u00fccher eintragen kannst.<\/span><\/p>\n<div class=\"floatbox\"><\/div>\n<\/div><\/section>\n<div  class='hr av-csbb1-c3b99f228820696d9d25dd95d9b453a9 hr-default  avia-builder-el-2  el_after_av_textblock  el_before_av_textblock '><span class='hr-inner '><span class=\"hr-inner-style\"><\/span><\/span><\/div>\n<section  class='av_textblock_section av-ml16sfhn-598425a4997f21b000020dbfb9641e5a '   itemscope=\"itemscope\" itemtype=\"https:\/\/schema.org\/CreativeWork\" ><div class='avia_textblock'  itemprop=\"text\" ><h3><\/h3>\n<h3><\/h3>\n<h3><span style=\"font-family: arial,helvetica,sans-serif; color: #008000;\">Leseband<\/span><\/h3>\n<p><span style=\"font-family: arial, helvetica, sans-serif; font-size: 11pt; color: #000000;\">Im Schuljahr 2025\/2026 installiert unsere Schule zur F\u00f6rderung der Lesekompetenz aller Schulkinder das von Prof. Dr. Steffen Gailberger entwickelte Programm \u201cLeseband\u201c. <\/span><br \/>\n<span style=\"font-family: arial, helvetica, sans-serif; font-size: 11pt; color: #000000;\">T\u00e4glich, mit Beginn der 2. Unterrichtsstunde, findet eine 15 min\u00fctige Lesezeit f\u00fcr alle Schulkinder unabh\u00e4ngig vom jeweiligen Fach statt.<\/span><\/p>\n<p><span style=\"font-family: arial, helvetica, sans-serif; font-size: 11pt; color: #000000;\">Durch die t\u00e4glichen \u00dcbungsphasen wird das Lesen durch unterschiedliche Lautleseverfahren gef\u00f6rdert. Das \u201cLeseband\u201c beinhaltet sowohl die Erh\u00f6hung von Lesezeit, als auch\u00a0 die Qualit\u00e4t der Lesef\u00f6rderung.\u00a0<\/span><\/p>\n<p><span style=\"font-family: arial, helvetica, sans-serif; font-size: 11pt; color: #000000;\">Lesekompetenz ist eine wichtige Grundlage f\u00fcr eine erfolgreiche schulische Entwicklung und gesellschaftliche Teilhabe.<\/span><\/p>\n<div class=\"floatbox\"><\/div>\n<\/div><\/section>\n<div  class='hr av-av_hr-23b3846cdd0fbd0e234720a594f6db24 hr-default  avia-builder-el-4  el_after_av_textblock  el_before_av_textblock '><span class='hr-inner '><span class=\"hr-inner-style\"><\/span><\/span><\/div>\n<section  class='av_textblock_section av-f89z1-2-dc2e425692f3f0b9db1b8d8f7f044f8d '   itemscope=\"itemscope\" itemtype=\"https:\/\/schema.org\/CreativeWork\" ><div class='avia_textblock'  itemprop=\"text\" ><h3><\/h3>\n<div class=\"floatbox\">\n<h3 class=\"contentheading\"><span style=\"font-family: arial, helvetica, sans-serif; color: #008000;\">Lesepaten an der Ahorn-Schule<\/span><\/h3>\n<\/div>\n<p><span style=\"font-family: arial, helvetica, sans-serif;\"><img loading=\"lazy\" decoding=\"async\" class=\"wp-image-1240 alignleft\" src=\"http:\/\/ahorn-schule.de\/wp-content\/uploads\/2018\/11\/vorlese-bear-845x684.jpg\" alt=\"\" width=\"161\" height=\"130\" srcset=\"https:\/\/ahorn-schule.de\/wp-content\/uploads\/2018\/11\/vorlese-bear-845x684.jpg 845w, https:\/\/ahorn-schule.de\/wp-content\/uploads\/2018\/11\/vorlese-bear-495x400.jpg 495w\" sizes=\"auto, (max-width: 161px) 100vw, 161px\" \/><\/span><\/p>\n<p><span style=\"font-family: arial, helvetica, sans-serif; font-size: 11pt; color: #000000;\"><strong>Lesepaten<\/strong> f\u00f6rdern die Lesekompetenz Anderer, sie unterst\u00fctzen uns in der Lesef\u00f6rderung!<\/span><\/p>\n<p><span style=\"font-family: arial, helvetica, sans-serif; font-size: 11pt; color: #000000;\">Seit vielen Jahren unterst\u00fctzen uns\u00a0 ehrenamtlich arbeitende Lesepaten an der Ahorn-Schule .<\/span><br \/>\n<span style=\"font-family: arial, helvetica, sans-serif; font-size: 11pt; color: #000000;\"> Zu festen Zeiten kommen die Lesepaten in unsere Schule lesen entweder vor, lesen gemeinsam mit den Kindern kleine Texte oder lassen sich von den Sch\u00fclern \/ Kindern vorlesen. Sie \u00fcben dabei mit den Kindern in Einzelsituationen die Lesefertigkeit und wecken mit ihrem Engagement das Interesse der Kinder am Lesen.<\/span><\/p>\n<p><span style=\"font-family: arial, helvetica, sans-serif; font-size: 11pt; color: #000000;\">Wenn auch Sie Zeit und Interesse f\u00fcr die F\u00f6rderung unserer Sch\u00fcler haben k\u00f6nnen Sie sich gerne als Lesepatin oder Lesepate bei uns bewerben. Nehmen Sie dazu bitte mit der Schulleitung Kontakt auf.<\/span><\/p>\n<\/div><\/section>\n<div  class='hr av-b1sj9-25e2aaa060c1a23e9781cfcf65b8699c hr-default  avia-builder-el-6  el_after_av_textblock  el_before_av_textblock '><span class='hr-inner '><span class=\"hr-inner-style\"><\/span><\/span><\/div>\n<section  class='av_textblock_section av-f89z1-1-9ba4dfb83b05221eeeb3ddd639ebd44c '   itemscope=\"itemscope\" itemtype=\"https:\/\/schema.org\/CreativeWork\" ><div class='avia_textblock'  itemprop=\"text\" ><h3><\/h3>\n<h3><\/h3>\n<h3 class=\"contentheading\"><span style=\"font-family: arial, helvetica, sans-serif; color: #008000;\">Sch\u00fclerbibliothek der Ahorn-Schule<\/span><\/h3>\n<p><span style=\"font-family: arial, helvetica, sans-serif;\"><img loading=\"lazy\" decoding=\"async\" class=\"alignleft wp-image-2085 \" src=\"http:\/\/ahorn-schule.de\/wp-content\/uploads\/2019\/12\/Bib2019-2-2-213x300.jpg\" alt=\"\" width=\"136\" height=\"192\" srcset=\"https:\/\/ahorn-schule.de\/wp-content\/uploads\/2019\/12\/Bib2019-2-2-213x300.jpg 213w, https:\/\/ahorn-schule.de\/wp-content\/uploads\/2019\/12\/Bib2019-2-2-730x1030.jpg 730w, https:\/\/ahorn-schule.de\/wp-content\/uploads\/2019\/12\/Bib2019-2-2-768x1083.jpg 768w, https:\/\/ahorn-schule.de\/wp-content\/uploads\/2019\/12\/Bib2019-2-2-1089x1536.jpg 1089w, https:\/\/ahorn-schule.de\/wp-content\/uploads\/2019\/12\/Bib2019-2-2-1452x2048.jpg 1452w, https:\/\/ahorn-schule.de\/wp-content\/uploads\/2019\/12\/Bib2019-2-2-1064x1500.jpg 1064w, https:\/\/ahorn-schule.de\/wp-content\/uploads\/2019\/12\/Bib2019-2-2-500x705.jpg 500w, https:\/\/ahorn-schule.de\/wp-content\/uploads\/2019\/12\/Bib2019-2-2-450x635.jpg 450w, https:\/\/ahorn-schule.de\/wp-content\/uploads\/2019\/12\/Bib2019-2-2-scaled.jpg 1815w\" sizes=\"auto, (max-width: 136px) 100vw, 136px\" \/><span style=\"font-size: 11pt; color: #000000;\">Lesen stellt eine wichtige Schl\u00fcsselkompetenz f\u00fcr den schulischen Erfolg dar. Es dient der Beschaffung von Informationen, der Auseinandersetzung mit selbstgew\u00e4hlten Fragen, der Gestaltung der eigenen Freizeit und vielem mehr. Mit der Wiederer\u00f6ffnung unserer <strong>Schulbibliothek<\/strong> wollen wir den Sch\u00fclern und Sch\u00fclerinnen unserer Schule erm\u00f6glichen, die genannten Aspekte zu realisieren und ihre Lesekompetenz zu f\u00f6rdern. Zu den genannten \u00d6ffnungszeiten k\u00f6nnen die Sch\u00fcler und Sch\u00fclerinnen eigenst\u00e4ndig in den vielen B\u00fcchern der Schule schm\u00f6kern und sich mit diesen besch\u00e4ftigen. Nat\u00fcrlich gibt es die M\u00f6glichkeit B\u00fccher auszuleihen und f\u00fcr einen bestimmten Zeitraum mit nach Hause oder in den Hort zu nehmen.<\/span><\/span><\/p>\n<p><span style=\"font-family: arial, helvetica, sans-serif; font-size: 11pt; color: #000000;\">Weiterhin gibt es auch die M\u00f6glichkeit Spiele auszuleihen.<\/span><\/p>\n<\/div><\/section>\n","protected":false},"excerpt":{"rendered":"","protected":false},"author":1,"featured_media":0,"parent":0,"menu_order":0,"comment_status":"closed","ping_status":"closed","template":"","meta":{"footnotes":""},"class_list":["post-413","page","type-page","status-publish","hentry"],"_links":{"self":[{"href":"https:\/\/ahorn-schule.de\/index.php?rest_route=\/wp\/v2\/pages\/413","targetHints":{"allow":["GET"]}}],"collection":[{"href":"https:\/\/ahorn-schule.de\/index.php?rest_route=\/wp\/v2\/pages"}],"about":[{"href":"https:\/\/ahorn-schule.de\/index.php?rest_route=\/wp\/v2\/types\/page"}],"author":[{"embeddable":true,"href":"https:\/\/ahorn-schule.de\/index.php?rest_route=\/wp\/v2\/users\/1"}],"replies":[{"embeddable":true,"href":"https:\/\/ahorn-schule.de\/index.php?rest_route=%2Fwp%2Fv2%2Fcomments&post=413"}],"version-history":[{"count":25,"href":"https:\/\/ahorn-schule.de\/index.php?rest_route=\/wp\/v2\/pages\/413\/revisions"}],"predecessor-version":[{"id":6405,"href":"https:\/\/ahorn-schule.de\/index.php?rest_route=\/wp\/v2\/pages\/413\/revisions\/6405"}],"wp:attachment":[{"href":"https:\/\/ahorn-schule.de\/index.php?rest_route=%2Fwp%2Fv2%2Fmedia&parent=413"}],"curies":[{"name":"wp","href":"https:\/\/api.w.org\/{rel}","templated":true}]}}