{"id":408,"date":"2017-11-08T21:08:44","date_gmt":"2017-11-08T20:08:44","guid":{"rendered":"http:\/\/ahorn-schule.de\/wp\/?page_id=408"},"modified":"2022-11-07T22:52:49","modified_gmt":"2022-11-07T21:52:49","slug":"soziales-lernen","status":"publish","type":"page","link":"https:\/\/ahorn-schule.de\/?page_id=408","title":{"rendered":"&#8222;Soziales Lernen&#8220;"},"content":{"rendered":"<section  class='av_textblock_section av-l0a2xjns-9cb27aa1fb8dd4b3564aa655946d91e9 '   itemscope=\"itemscope\" itemtype=\"https:\/\/schema.org\/CreativeWork\" ><div class='avia_textblock'  itemprop=\"text\" ><p><img loading=\"lazy\" decoding=\"async\" class=\"wp-image-410 alignleft\" src=\"http:\/\/ahorn-schule.de\/wp\/wp-content\/uploads\/2017\/11\/AhornBuddy_ProgrammLogo_4C_300_dpi-300x269.jpg\" alt=\"\" width=\"190\" height=\"171\" srcset=\"https:\/\/ahorn-schule.de\/wp-content\/uploads\/2017\/11\/AhornBuddy_ProgrammLogo_4C_300_dpi-300x269.jpg 300w, https:\/\/ahorn-schule.de\/wp-content\/uploads\/2017\/11\/AhornBuddy_ProgrammLogo_4C_300_dpi-768x689.jpg 768w, https:\/\/ahorn-schule.de\/wp-content\/uploads\/2017\/11\/AhornBuddy_ProgrammLogo_4C_300_dpi-705x633.jpg 705w, https:\/\/ahorn-schule.de\/wp-content\/uploads\/2017\/11\/AhornBuddy_ProgrammLogo_4C_300_dpi-450x404.jpg 450w, https:\/\/ahorn-schule.de\/wp-content\/uploads\/2017\/11\/AhornBuddy_ProgrammLogo_4C_300_dpi.jpg 900w\" sizes=\"auto, (max-width: 190px) 100vw, 190px\" \/><span style=\"font-family: arial, helvetica, sans-serif;\">\u00a0\u00a0\u00a0 <span style=\"font-size: 24pt; color: #800000;\"><strong><u>BuddY &#8211; Projekt<\/u><\/strong><\/span><\/span><\/p>\n<p><span style=\"font-family: arial,helvetica,sans-serif;\">Das Buddy-Projekt ist ein Programm f\u00fcr Soziales Lernen, das sich an Schulen richtet. Gem\u00e4\u00df dem Motto \u201eAufeinander achten, F\u00fcreinander da sein, Miteinander lernen,\u201c st\u00e4rkt es Kinder und Jugendliche und f\u00fchrt dazu, dass sie Verantwortung f\u00fcr sich und andere \u00fcbernehmen und Konflikte konstruktiv l\u00f6sen. Derzeit wird an unserer Schule das Buddy-Projekt in unterschiedlichen Formen in allen Klassen eingesetzt.<\/span><\/p>\n<p><span style=\"font-family: arial,helvetica,sans-serif;\">Darin \u00fcbernehmen Sch\u00fclerinnen und\u00a0 Sch\u00fcler z.B. Patenschaften f\u00fcr j\u00fcngere Mitsch\u00fclerinnen und Mitsch\u00fcler, unterst\u00fctzen sie im Schulalltag, setzen sich als Streitschlichterinnen und Streitschlichter ein.<\/span><\/p>\n<p><span style=\"font-family: arial,helvetica,sans-serif;\">Sch\u00fclerinnen und Sch\u00fcler erleben st\u00e4rkere Akzeptanz. Sie lernen, dass sie selbst\u00e4ndig Aufgaben bew\u00e4ltigen und Konflikte l\u00f6sen k\u00f6nnen. Ihr Selbstbewusstsein wird gest\u00e4rkt. Lehrerinnen und Lehrer werden nachhaltig entlastet, da die Sch\u00fclerinnen und Sch\u00fcler Probleme selbst\u00e4ndig l\u00f6sen. Das Buddy-Projekt verbessert das Klassenklima und das Lernverhalten der Sch\u00fclerinnen und Sch\u00fcler.<\/span><\/p>\n<p><span style=\"font-family: arial,helvetica,sans-serif;\">Die Schule steigert durch das offene und r\u00fccksichtsvolle Miteinander ihren Wert als Lern- und Lebensort.<\/span><\/p>\n<\/div><\/section>\n\n<style type=\"text\/css\" data-created_by=\"avia_inline_auto\" id=\"style-css-av-9p14o-9fd30a46ada9cf9e698168f0e1aeb211\">\n.flex_column.av-9p14o-9fd30a46ada9cf9e698168f0e1aeb211{\nborder-radius:0px 0px 0px 0px;\npadding:0px 0px 0px 0px;\n}\n<\/style>\n<div  class='flex_column av-9p14o-9fd30a46ada9cf9e698168f0e1aeb211 av_one_full  avia-builder-el-1  el_after_av_textblock  el_before_av_textblock  first flex_column_div av-zero-column-padding  column-top-margin'     ><\/div>\n<section  class='av_textblock_section av-l0a2xjns-9cb27aa1fb8dd4b3564aa655946d91e9 '   itemscope=\"itemscope\" itemtype=\"https:\/\/schema.org\/CreativeWork\" ><div class='avia_textblock'  itemprop=\"text\" ><p><span style=\"font-size: 24pt; color: #800000; font-family: arial,helvetica,sans-serif;\"><strong><u>AHORN &#8211; BuddY &#8211; RAP<\/u><\/strong><\/span><\/p>\n<p><span style=\"font-family: arial, helvetica, sans-serif;\">Kinder unseres Buddy- Projekts erarbeiteten im Februar 2022 die beiden\u00a0 Songs in einem Rap- Workshop gemeinsam mit dem Tuned- Jugendprojekt.<\/span><\/p>\n<table style=\"border-collapse: collapse; width: 77.7257%;\">\n<tbody>\n<tr>\n<td style=\"width: 37.3232%;\"><span style=\"font-family: arial, helvetica, sans-serif; font-size: 14pt;\"><span style=\"font-size: 14pt;\">Song 1\u00a0 \u00a0<\/span><\/span><\/p>\n<audio class=\"wp-audio-shortcode\" id=\"audio-408-1\" preload=\"none\" style=\"width: 100%;\" controls=\"controls\"><source type=\"audio\/mpeg\" src=\"https:\/\/ahorn-schule.de\/wp-content\/uploads\/2022\/03\/Ahorn.mp3?_=1\" \/><a href=\"https:\/\/ahorn-schule.de\/wp-content\/uploads\/2022\/03\/Ahorn.mp3\">https:\/\/ahorn-schule.de\/wp-content\/uploads\/2022\/03\/Ahorn.mp3<\/a><\/audio>\n<p><span style=\"font-family: arial, helvetica, sans-serif;\">Buddys &#8211; wir sind wie die Schulpolizei,<\/span><br \/>\n<span style=\"font-family: arial, helvetica, sans-serif;\"> gibt es wieder Stress, kommen wir vorbei.<\/span><br \/>\n<span style=\"font-family: arial, helvetica, sans-serif;\"> Hast du dich verletzt, geh ins Sekretariat.<\/span><br \/>\n<span style=\"font-family: arial, helvetica, sans-serif;\"> Da bekommst du nen Verband und nen guten Rat.<\/span><br \/>\n<span style=\"font-family: arial, helvetica, sans-serif;\"> Buddys &#8211; wir sind nie allein, machen das zu zweit,<\/span><br \/>\n<span style=\"font-family: arial, helvetica, sans-serif;\"> f\u00fcr Kl\u00e4rung von Problemen, sind wir schnell bereit.<\/span><br \/>\n<span style=\"font-family: arial, helvetica, sans-serif;\"> H\u00f6r uns zu, wir haben was zu sagen,<\/span><br \/>\n<span style=\"font-family: arial, helvetica, sans-serif;\"> wenn du mitmachen willst, brauchst du nur zu fragen!<\/span><\/p>\n<p><span style=\"font-family: arial, helvetica, sans-serif;\">Da war ein M\u00e4dchen, sie hat geweint.<\/span><br \/>\n<span style=\"font-family: arial, helvetica, sans-serif;\"> Hatte keine Freunde, war ganz allein.<\/span><br \/>\n<span style=\"font-family: arial, helvetica, sans-serif;\"> Wir nahmen sie mit und liefen mit ihr,<\/span><br \/>\n<span style=\"font-family: arial, helvetica, sans-serif;\"> \u00fcber den Schulhof, haben Spiele gespielt.<\/span><br \/>\n<span style=\"font-family: arial, helvetica, sans-serif;\"> Bald ist alles gut, wir helfen dir dabei.<\/span><br \/>\n<span style=\"font-family: arial, helvetica, sans-serif;\"> Wolken ziehn vorbei, es kommt eine gute Zeit.<\/span><br \/>\n<span style=\"font-family: arial, helvetica, sans-serif;\"> Sie sagt, die Zeit mit uns fand sie wirklich klasse<\/span><br \/>\n<span style=\"font-family: arial, helvetica, sans-serif;\"> erz\u00e4hlte ihrer Klasse, auf uns kann man sich verlassen!<\/span><\/p>\n<p><span style=\"font-family: arial, helvetica, sans-serif;\">M\u00fctze und Weste, Orange ist die Farbe,<\/span><br \/>\n<span style=\"font-family: arial, helvetica, sans-serif;\"> gelbe rote Karte, ich kann dich verwarnen!<\/span><br \/>\n<span style=\"font-family: arial, helvetica, sans-serif;\"> Wir sind zwei Teams, wir laufen umher.<\/span><br \/>\n<span style=\"font-family: arial, helvetica, sans-serif;\"> Und wollen euch helfen, das ist kein Scherz.<\/span><br \/>\n<span style=\"font-family: arial, helvetica, sans-serif;\"> M\u00fctze und Weste, orange ist die Farbe,<\/span><br \/>\n<span style=\"font-family: arial, helvetica, sans-serif;\"> gelbe, rote Karte, kannst Schiedsrichter sagen!<\/span><br \/>\n<span style=\"font-family: arial, helvetica, sans-serif;\"> Beleidigst du Kinder, fliegst du vom Hof,<\/span><br \/>\n<span style=\"font-family: arial, helvetica, sans-serif;\"> an dieser Schule schreibt man Gemeinschaft noch gro\u00df!<\/span><\/p>\n<p><span style=\"font-family: arial, helvetica, sans-serif;\">Ey! Connor, siehst du die Beiden da?<\/span><br \/>\n<span style=\"font-family: arial, helvetica, sans-serif;\"> Oh-stimmt, die Beiden streiten ja!<\/span><br \/>\n<span style=\"font-family: arial, helvetica, sans-serif;\"> Wir liefen da rum und sahen sie sich schlagen.<\/span><br \/>\n<span style=\"font-family: arial, helvetica, sans-serif;\"> Wir gingen zu ihnen, nur um ihnen zu sagen:<\/span><br \/>\n<span style=\"font-family: arial, helvetica, sans-serif;\"> Wenn ihr weitermacht, kriegt ihr eine rote Karte!<\/span><br \/>\n<span style=\"font-family: arial, helvetica, sans-serif;\"> F\u00fcrs Erste wollen wir euch verwarnen.<\/span><br \/>\n<span style=\"font-family: arial, helvetica, sans-serif;\"> Nochmal davongekommen ja, wir sind die netten Jungs.<\/span><br \/>\n<span style=\"font-family: arial, helvetica, sans-serif;\"> Wenn ihr Hilfe braucht, dann fragt nach uns.<\/span><\/p>\n<p><span style=\"font-family: arial, helvetica, sans-serif;\">Ey! Ich habe Kindern geholfen,<\/span><br \/>\n<span style=\"font-family: arial, helvetica, sans-serif;\"> weil sie meine Hilfe wollten!<\/span><br \/>\n<span style=\"font-family: arial, helvetica, sans-serif;\"> Komme aus Syrien, da ist leider Krieg.<\/span><br \/>\n<span style=\"font-family: arial, helvetica, sans-serif;\"> Hier m\u00f6chte ich helfen, ja ich will Frieden!<\/span><br \/>\n<span style=\"font-family: arial, helvetica, sans-serif;\"> Deshalb bin ich nett, lieb zu anderen Kindern.<\/span><br \/>\n<span style=\"font-family: arial, helvetica, sans-serif;\"> Weil ich wei\u00df, anderen geht es schlimmer.<\/span><br \/>\n<span style=\"font-family: arial, helvetica, sans-serif;\"> Ja ich bin Hassan, einer der Buddys,<\/span><br \/>\n<span style=\"font-family: arial, helvetica, sans-serif;\"> Auf mich kannst du z\u00e4hlen, f\u00fcr immer!<\/span><\/td>\n<td style=\"width: 40.4025%; text-align: left;\"><span style=\"font-family: arial, helvetica, sans-serif; font-size: 14pt;\">Song 2<\/span><\/p>\n<audio class=\"wp-audio-shortcode\" id=\"audio-408-2\" preload=\"none\" style=\"width: 100%;\" controls=\"controls\"><source type=\"audio\/mpeg\" src=\"https:\/\/ahorn-schule.de\/wp-content\/uploads\/2022\/03\/Ahorn-Schule_M01.mp3?_=2\" \/><a href=\"https:\/\/ahorn-schule.de\/wp-content\/uploads\/2022\/03\/Ahorn-Schule_M01.mp3\">https:\/\/ahorn-schule.de\/wp-content\/uploads\/2022\/03\/Ahorn-Schule_M01.mp3<\/a><\/audio>\n<p><span style=\"font-family: arial, helvetica, sans-serif;\">Sind jeden Tag auf dem Pausenhof am Start.<\/span><br \/>\n<span style=\"font-family: arial, helvetica, sans-serif;\"> Hast du ein Problem sind wir f\u00fcr dich da.<\/span><br \/>\n<span style=\"font-family: arial, helvetica, sans-serif;\"> Wir fragen was los ist.<\/span><br \/>\n<span style=\"font-family: arial, helvetica, sans-serif;\"> Denn manchmal erlebt ihr auf dem Pausenhof Mist.<\/span><\/p>\n<p><span style=\"font-family: arial, helvetica, sans-serif;\">Wir tr\u00f6sten, h\u00f6ren zu, passen auf.<\/span><br \/>\n<span style=\"font-family: arial, helvetica, sans-serif;\"> Bringen euch auch zur Schulstation rauf.<\/span><br \/>\n<span style=\"font-family: arial, helvetica, sans-serif;\"> Achten auf alle und sehn die Gefahr,<\/span><br \/>\n<span style=\"font-family: arial, helvetica, sans-serif;\"> denn wir sind f\u00fcr euch da.<\/span><\/p>\n<p><span style=\"font-family: arial, helvetica, sans-serif;\">Besonderen Kindern helfen wir in den Pausen,<\/span><br \/>\n<span style=\"font-family: arial, helvetica, sans-serif;\"> dann seht ihr uns die Treppen runter sausen.<\/span><br \/>\n<span style=\"font-family: arial, helvetica, sans-serif;\"> Pausenaufsicht? L\u00e4uft ohne uns nicht,<\/span><br \/>\n<span style=\"font-family: arial, helvetica, sans-serif;\"> Denn das ist unsere Pflicht!<\/span><\/p>\n<p><span style=\"font-family: arial, helvetica, sans-serif;\">Dass es uns allen gut geht ist uns wichtig<\/span><br \/>\n<span style=\"font-family: arial, helvetica, sans-serif;\"> und es macht uns gl\u00fccklich.<\/span><br \/>\n<span style=\"font-family: arial, helvetica, sans-serif;\"> Schaut uns ein Kind mit einem L\u00e4cheln an,<\/span><br \/>\n<span style=\"font-family: arial, helvetica, sans-serif;\"> ham wir unsren Job getan.<\/span><\/p>\n<p><span style=\"font-family: arial, helvetica, sans-serif;\">Wenn ihr Probleme habt k\u00f6nnt ihr zu den Buddys kommen.<\/span><br \/>\n<span style=\"font-family: arial, helvetica, sans-serif;\"> Dank unserer Buddywesten werden wir gut wahrgenommen.<\/span><br \/>\n<span style=\"font-family: arial, helvetica, sans-serif;\"> Wir stehn f\u00fcr Zusammenhalt,<\/span><br \/>\n<span style=\"font-family: arial, helvetica, sans-serif;\"> Vorbild f\u00fcr Jung und Alt.<\/span><br \/>\n<span style=\"font-family: arial, helvetica, sans-serif;\"> In den Pausen siehst du uns auf dem Hof,<\/span><br \/>\n<span style=\"font-family: arial, helvetica, sans-serif;\"> passen auf, denn wir finden streiten doof.<\/span><br \/>\n<span style=\"font-family: arial, helvetica, sans-serif;\"> Wenn du \u00c4rger machst, einfach so,<\/span><br \/>\n<span style=\"font-family: arial, helvetica, sans-serif;\"> gibt\u2019s eine Karte Gelb oder Rot.<\/span><\/p>\n<p><span style=\"font-family: arial, helvetica, sans-serif;\">Treffen uns einmal in der Woche f\u00fcr ne Buddystunde,<\/span><br \/>\n<span style=\"font-family: arial, helvetica, sans-serif;\"> da gibt es eine Buddyrunde.<\/span><br \/>\n<span style=\"font-family: arial, helvetica, sans-serif;\"> Geht es um Teamarbeit sind wir bereit.<\/span><br \/>\n<span style=\"font-family: arial, helvetica, sans-serif;\"> F\u00fcr einander da sein bedeutet nicht alleine sein.<\/span><\/p>\n<p><span style=\"font-family: arial, helvetica, sans-serif;\">Jedes halbe Jahr gibt es einen Buddytag.<\/span><br \/>\n<span style=\"font-family: arial, helvetica, sans-serif;\"> Es gibt jede Woche einen Buddyrat<\/span><br \/>\n<span style=\"font-family: arial, helvetica, sans-serif;\"> und wir geben den Kindern einen Rat.<\/span><br \/>\n<span style=\"font-family: arial, helvetica, sans-serif;\"> Klasse B und A f\u00fcreinander da.<\/span><\/p>\n<p><span style=\"font-family: arial, helvetica, sans-serif;\">Auf dem Pausenhof sind wir Freunde<\/span><br \/>\n<span style=\"font-family: arial, helvetica, sans-serif;\"> und \u00f6ffnen damit neue R\u00e4ume.<\/span><br \/>\n<span style=\"font-family: arial, helvetica, sans-serif;\"> Suchen gemeinsam die Beste Idee,<\/span><br \/>\n<span style=\"font-family: arial, helvetica, sans-serif;\"> damit tun wir niemandem weh.<\/span><br \/>\n<span style=\"font-family: arial, helvetica, sans-serif;\"> Buddy zu sein macht viel Spa\u00df.<\/span><\/td>\n<\/tr>\n<\/tbody>\n<\/table>\n<\/div><\/section>\n\n<style type=\"text\/css\" data-created_by=\"avia_inline_auto\" id=\"style-css-av-dqyzk-b9ef7970126cdb77b1fb3d2a684956d3\">\n.flex_column.av-dqyzk-b9ef7970126cdb77b1fb3d2a684956d3{\nborder-radius:0px 0px 0px 0px;\npadding:0px 0px 0px 0px;\n}\n<\/style>\n<div  class='flex_column av-dqyzk-b9ef7970126cdb77b1fb3d2a684956d3 av_one_full  avia-builder-el-3  el_after_av_textblock  el_before_av_textblock  first flex_column_div av-zero-column-padding  column-top-margin'     ><\/div>\n<section  class='av_textblock_section av-l0a2yrtu-0a1209de5e629860e5e41ba4c7f53b5e '   itemscope=\"itemscope\" itemtype=\"https:\/\/schema.org\/CreativeWork\" ><div class='avia_textblock'  itemprop=\"text\" ><p style=\"text-align: center;\"><span style=\"font-family: arial, helvetica, sans-serif;\"><span style=\"font-size: 24pt; color: #800000;\"><strong><u>E<\/u><\/strong><\/span><span style=\"font-size: 24pt; color: #800000;\"><strong><u>ntspannungsinsel<\/u><\/strong><\/span><\/span><\/p>\n<p><span style=\"font-family: arial, helvetica, sans-serif;\"><span style=\"font-size: 12pt;\"><img loading=\"lazy\" decoding=\"async\" class=\"wp-image-498 alignleft\" src=\"http:\/\/ahorn-schule.de\/wp\/wp-content\/uploads\/2017\/11\/box1-194x300.jpg\" alt=\"\" width=\"105\" height=\"163\" srcset=\"https:\/\/ahorn-schule.de\/wp-content\/uploads\/2017\/11\/box1-194x300.jpg 194w, https:\/\/ahorn-schule.de\/wp-content\/uploads\/2017\/11\/box1-768x1187.jpg 768w, https:\/\/ahorn-schule.de\/wp-content\/uploads\/2017\/11\/box1-666x1030.jpg 666w, https:\/\/ahorn-schule.de\/wp-content\/uploads\/2017\/11\/box1-970x1500.jpg 970w, https:\/\/ahorn-schule.de\/wp-content\/uploads\/2017\/11\/box1-456x705.jpg 456w, https:\/\/ahorn-schule.de\/wp-content\/uploads\/2017\/11\/box1-450x696.jpg 450w, https:\/\/ahorn-schule.de\/wp-content\/uploads\/2017\/11\/box1.jpg 1933w\" sizes=\"auto, (max-width: 105px) 100vw, 105px\" \/><\/span><img loading=\"lazy\" decoding=\"async\" class=\"wp-image-500 alignright\" src=\"http:\/\/ahorn-schule.de\/wp\/wp-content\/uploads\/2017\/11\/entspannung2-300x225.jpg\" alt=\"\" width=\"206\" height=\"154\" srcset=\"https:\/\/ahorn-schule.de\/wp-content\/uploads\/2017\/11\/entspannung2-300x225.jpg 300w, https:\/\/ahorn-schule.de\/wp-content\/uploads\/2017\/11\/entspannung2-768x576.jpg 768w, https:\/\/ahorn-schule.de\/wp-content\/uploads\/2017\/11\/entspannung2-1030x773.jpg 1030w, https:\/\/ahorn-schule.de\/wp-content\/uploads\/2017\/11\/entspannung2-1500x1125.jpg 1500w, https:\/\/ahorn-schule.de\/wp-content\/uploads\/2017\/11\/entspannung2-705x529.jpg 705w, https:\/\/ahorn-schule.de\/wp-content\/uploads\/2017\/11\/entspannung2-450x338.jpg 450w\" sizes=\"auto, (max-width: 206px) 100vw, 206px\" \/><\/span><\/p>\n<p><span style=\"font-family: arial, helvetica, sans-serif;\"><span style=\"font-size: 12pt;\">Unsere Sc<\/span><span style=\"font-size: 12pt;\">h\u00fcler kommen auf eigenen Wunsch in Absprache mit dem unterrichtend<\/span><span style=\"font-size: 12pt;\">en Lehrer. Meist ist der Sch<\/span><span style=\"font-size: 12pt;\">\u00fcler durch eine schulische Situation stark belastet und m\u00f6chte sich aussprechen, beraten werden oder nur Abstand gewinnen, zur R<\/span><span style=\"font-size: 12pt;\">uhe kommen. <strong>Eine <\/strong><\/span><span style=\"font-size: 12pt;\"><strong> wichtige Aufgabe<\/strong> ist die <strong>Betreuung<\/strong> in einem <strong>akuten Konfliktfall. Im Rahmen<\/strong> <strong>besonderen Vereinbarungen<\/strong> besteht die M\u00f6glichkeit, dass einzelne Sch\u00fcler ein <strong>individuelles Arbeitsprogramm<\/strong> w\u00e4hrend eines <strong>festgelegten Zeitraumes<\/strong> in der Entspannungsinsel erledigen.<\/span><\/span><\/p>\n<\/div><\/section>\n\n<style type=\"text\/css\" data-created_by=\"avia_inline_auto\" id=\"style-css-av-70u60-25f3b84652f6cf29c224ca58b1a35af6\">\n.flex_column.av-70u60-25f3b84652f6cf29c224ca58b1a35af6{\nborder-radius:0px 0px 0px 0px;\npadding:0px 0px 0px 0px;\n}\n<\/style>\n<div  class='flex_column av-70u60-25f3b84652f6cf29c224ca58b1a35af6 av_one_full  avia-builder-el-5  el_after_av_textblock  el_before_av_textblock  first flex_column_div av-zero-column-padding  column-top-margin'     ><\/div>\n<section  class='av_textblock_section av-l0a2zrqn-fc2b55b0064ec799b64ce9b64cb6a1ec '   itemscope=\"itemscope\" itemtype=\"https:\/\/schema.org\/CreativeWork\" ><div class='avia_textblock'  itemprop=\"text\" ><p><img loading=\"lazy\" decoding=\"async\" class=\"alignleft wp-image-451 \" src=\"http:\/\/ahorn-schule.de\/wp\/wp-content\/uploads\/2017\/11\/coolness-bearbeitet.jpg\" alt=\"\" width=\"168\" height=\"127\" srcset=\"https:\/\/ahorn-schule.de\/wp-content\/uploads\/2017\/11\/coolness-bearbeitet.jpg 396w, https:\/\/ahorn-schule.de\/wp-content\/uploads\/2017\/11\/coolness-bearbeitet-300x227.jpg 300w\" sizes=\"auto, (max-width: 168px) 100vw, 168px\" \/><\/p>\n<p><span style=\"color: #800000; font-size: 22pt; font-family: arial,helvetica,sans-serif;\"><strong><u>Coolness-Training in der Ahornschule\u00a0 <\/u><\/strong><\/span><\/p>\n<p><span style=\"font-family: arial,helvetica,sans-serif;\">In der Ahorn-Schule wird durch eine ausgebildete Erzieherin und Trainerin das \u201eCoolness-Training\u201c angeboten und erfolgreich durchgef\u00fchrt.<\/span><\/p>\n<p><span style=\"font-family: arial,helvetica,sans-serif;\">In ca. 10 Wochen werden 8-12\u00a0 Sch\u00fcler ab Klasse 3 geschult.<\/span><\/p>\n<p><span style=\"font-family: arial,helvetica,sans-serif;\">\u00a0 \u00a0 \u00a0 \u00a0 \u00a0 \u00a0 \u00a0 \u00a0 \u00a0 \u00a0 \u00a0 \u00a0 \u00a0 \u00a0 \u00a0 \u00a0 \u00a0 \u00a0 \u00a0 \u00a0 \u00a0 \u00a0 \u00a0Durchf\u00fchrung : ab 3.Klasse<\/span><\/p>\n<blockquote>\n<p><span style=\"font-family: arial, helvetica, sans-serif;\">&#8222;Ich mache es mir zur Aufgabe, mit den Sch\u00fclern in einen Dialog \u00fcber Gewalt und Verhalten zu treten. Soziale Fertigkeiten wie Wahrnehmen und angemessenes Ausdr\u00fccken von Gef\u00fchlen, Strukturen menschlicher Begegnung ( N\u00e4he u. Distanz) Selbstbehauptung und Deeskalation in Konfliktsituationen zu schulen. Es wird ein kooperatives und soziales Verhalten innerhalb der Gruppe erlernt.&#8220;<\/span><\/p>\n<\/blockquote>\n<p><span style=\"font-family: arial,helvetica,sans-serif;\">Das Coolness-Training besteht vorrangig aus der Reflexion des eigenen Verhaltens in Konfliktsituationen. Durchgef\u00fchrt wird das Training in Klassen in denen die Sch\u00fcler in problematischen Beziehungen zueinander stehen. Die Kinder werden ihre alten Verhaltensweisen anhand von Rollenspielen und Kommunikationstraining bewusst gemacht, um dann anschlie\u00dfend gemeinsam neue Verhaltensformen zu entwickeln.<\/span><\/p>\n<p><span style=\"font-family: arial,helvetica,sans-serif;\">In jeden Klassenverband gibt es gewaltbereite und gewaltausf\u00fchrende Sch\u00fcler sowie Opfer und Mitl\u00e4ufer. Die Mitl\u00e4ufer verhalten sich entweder solidarisch mit den Gewaltausf\u00fchrenden oder sind unbeteiligt neutral.<\/span><\/p>\n<p><span style=\"font-family: arial, helvetica, sans-serif;\"><strong>Ziel des Trainings ist, die Sch\u00fcler in die Lage zu versetzen, gelassener mit ihren Alltagskonflikten umzugehen.\u00a0 L\u00f6sungen zu finden und sich im Idealfall so zu verhalten, dass diese vermieden werden k\u00f6nnen.<\/strong><\/span><\/p>\n<p><span style=\"font-family: arial,helvetica,sans-serif;\"><strong>Die Kinder lernen ihre eigenen Empfindlichkeiten in Bezug auf Beleidigungen, Rempeleien, Provokation usw. besser kennen.<\/strong><\/span><\/p>\n<p><span style=\"font-family: arial,helvetica,sans-serif;\"><strong>Im Coolness-Training werden T\u00e4ter und Opfer sensibilisiert.<\/strong><\/span><\/p>\n<p><span style=\"font-family: arial, helvetica, sans-serif;\"><strong>Den \u201eMitl\u00e4ufern\u201c werden die Konsequenzen ihrer Passivit\u00e4t aufgezeigt. Sie werden gest\u00e4rkt ihre Passivit\u00e4t aufzugeben.<\/strong><\/span><\/p>\n<p><span style=\"font-family: arial,helvetica,sans-serif;\"><strong>Niemand hat das Recht, einen Mitsch\u00fcler auszugrenzen, zu beleidigen oder zu verletzen.<\/strong><\/span><\/p>\n<p><span style=\"font-size: 14pt; font-family: arial, helvetica, sans-serif;\"><strong>Trainingsinhalte<\/strong><\/span><\/p>\n<ul style=\"list-style-type: circle;\">\n<li><span style=\"font-family: arial,helvetica,sans-serif;\">Gemeinsames erarbeiten von Gruppenregeln<\/span><\/li>\n<li><span style=\"font-family: arial,helvetica,sans-serif;\">Auseinandersetzung mit Norm und Wertvorstellungen<\/span><\/li>\n<li><span style=\"font-family: arial,helvetica,sans-serif;\">Wahrnehmung von Konfliktsituationen<\/span><\/li>\n<li><span style=\"font-family: arial,helvetica,sans-serif;\">Kommunikation in Konfliktsituationen<\/span><\/li>\n<li><span style=\"font-family: arial,helvetica,sans-serif;\">\u00a0Bewusst machen von verbalen und nonverbalen Verhalten<\/span><\/li>\n<li><span style=\"font-family: arial,helvetica,sans-serif;\">\u00a0K\u00f6rpersprache<\/span><\/li>\n<li><span style=\"font-family: arial,helvetica,sans-serif;\">\u00a0St\u00e4rkung des Selbstbewusstseins<\/span><\/li>\n<li><span style=\"font-family: arial,helvetica,sans-serif;\">Schulung der Selbstwahrnehmung<\/span><\/li>\n<li><span style=\"font-family: arial,helvetica,sans-serif;\">Grenzerfahrung<\/span><\/li>\n<\/ul>\n<p><span style=\"font-family: arial,helvetica,sans-serif;\"><strong>\u00a0<\/strong><\/span><\/p>\n<\/div><\/section>\n","protected":false},"excerpt":{"rendered":"","protected":false},"author":1,"featured_media":0,"parent":0,"menu_order":0,"comment_status":"closed","ping_status":"closed","template":"","meta":{"footnotes":""},"class_list":["post-408","page","type-page","status-publish","hentry"],"_links":{"self":[{"href":"https:\/\/ahorn-schule.de\/index.php?rest_route=\/wp\/v2\/pages\/408","targetHints":{"allow":["GET"]}}],"collection":[{"href":"https:\/\/ahorn-schule.de\/index.php?rest_route=\/wp\/v2\/pages"}],"about":[{"href":"https:\/\/ahorn-schule.de\/index.php?rest_route=\/wp\/v2\/types\/page"}],"author":[{"embeddable":true,"href":"https:\/\/ahorn-schule.de\/index.php?rest_route=\/wp\/v2\/users\/1"}],"replies":[{"embeddable":true,"href":"https:\/\/ahorn-schule.de\/index.php?rest_route=%2Fwp%2Fv2%2Fcomments&post=408"}],"version-history":[{"count":12,"href":"https:\/\/ahorn-schule.de\/index.php?rest_route=\/wp\/v2\/pages\/408\/revisions"}],"predecessor-version":[{"id":452,"href":"https:\/\/ahorn-schule.de\/index.php?rest_route=\/wp\/v2\/pages\/408\/revisions\/452"}],"wp:attachment":[{"href":"https:\/\/ahorn-schule.de\/index.php?rest_route=%2Fwp%2Fv2%2Fmedia&parent=408"}],"curies":[{"name":"wp","href":"https:\/\/api.w.org\/{rel}","templated":true}]}}