{"id":3214,"date":"2020-10-13T12:43:03","date_gmt":"2020-10-13T10:43:03","guid":{"rendered":"http:\/\/ahorn-schule.de\/?page_id=3214"},"modified":"2025-04-12T15:56:38","modified_gmt":"2025-04-12T13:56:38","slug":"kunst-vor-der-schule","status":"publish","type":"page","link":"https:\/\/ahorn-schule.de\/?page_id=3214","title":{"rendered":"Kunst vor der Schule"},"content":{"rendered":"<p style=\"text-align: center;\"><span style=\"font-family: arial, helvetica, sans-serif;\"><strong><span style=\"text-decoration: underline;\"><em><span style=\"font-size: 14pt; color: #008000; text-decoration: underline;\">Kunst vor der Ahorn-Schule &#8211;\u00a0ein Forschungsprojekt<\/span><\/em><\/span><\/strong><\/span><\/p>\n<p><span style=\"font-family: arial, helvetica, sans-serif; font-size: 12pt;\">Schon lange steht vor dem Eingang unsere Ahorn-Schule eine Stele aus Sandstein. Jeden Morgen gehen Sch\u00fcler*innen, Eltern, Besucher und Lehrer*innen an diesem Kunstwerk vorbei. Doch bisher wissen wir noch sehr wenig dar\u00fcber.<\/span><\/p>\n<p><span style=\"font-family: arial, helvetica, sans-serif;\"><img loading=\"lazy\" decoding=\"async\" class=\"wp-image-2244 aligncenter\" src=\"http:\/\/ahorn-schule.de\/wp-content\/uploads\/2020\/02\/Stele1-kl-735x1030.jpg\" alt=\"\" width=\"502\" height=\"703\" srcset=\"https:\/\/ahorn-schule.de\/wp-content\/uploads\/2020\/02\/Stele1-kl-735x1030.jpg 735w, https:\/\/ahorn-schule.de\/wp-content\/uploads\/2020\/02\/Stele1-kl-214x300.jpg 214w, https:\/\/ahorn-schule.de\/wp-content\/uploads\/2020\/02\/Stele1-kl-768x1077.jpg 768w, https:\/\/ahorn-schule.de\/wp-content\/uploads\/2020\/02\/Stele1-kl-1096x1536.jpg 1096w, https:\/\/ahorn-schule.de\/wp-content\/uploads\/2020\/02\/Stele1-kl-1070x1500.jpg 1070w, https:\/\/ahorn-schule.de\/wp-content\/uploads\/2020\/02\/Stele1-kl-503x705.jpg 503w, https:\/\/ahorn-schule.de\/wp-content\/uploads\/2020\/02\/Stele1-kl-450x631.jpg 450w, https:\/\/ahorn-schule.de\/wp-content\/uploads\/2020\/02\/Stele1-kl.jpg 1130w\" sizes=\"auto, (max-width: 502px) 100vw, 502px\" \/><\/span><\/p>\n<p>&nbsp;<\/p>\n<p><span style=\"font-family: arial, helvetica, sans-serif; font-size: 12pt;\">Die Sch\u00fcler*innen der ehemaligen 6. Klasse von 2022 bem\u00fchten sich in einem Kunstprojekt darum, Wissenswertes \u00fcber diese Kunstwerk in Erfahrung zu bringen. Auch wenn diese Geschichtsforscher uns verlassen haben w\u00fcnschen wir uns weiterhin Unterst\u00fctzung um dieses R\u00e4tsel zu entschl\u00fcsseln. \u00dcber Informationen w\u00fcrden wir uns sehr freuen.<\/span><\/p>\n<p><span style=\"font-family: arial, helvetica, sans-serif; font-size: 12pt;\">Bisher ungesicherte Informationen konnten wir schon zusammen tragen:<\/span><\/p>\n<p><span style=\"font-family: arial, helvetica, sans-serif; font-size: 12pt;\">Die Stele mit Relief soll den Namen &#8222;Entwicklung Berlin&#8220; tragen und aus Sandstein bestehen. Leider ist das Entstehungsdatum und auch der K\u00fcnstler sowie vorherige Standorte unbekannt.<\/span><\/p>\n","protected":false},"excerpt":{"rendered":"<p>Kunst vor der Ahorn-Schule &#8211;\u00a0ein Forschungsprojekt Schon lange steht vor dem Eingang unsere Ahorn-Schule eine Stele aus Sandstein. Jeden Morgen gehen Sch\u00fcler*innen, Eltern, Besucher und Lehrer*innen an diesem Kunstwerk vorbei. Doch bisher wissen wir noch sehr wenig dar\u00fcber. &nbsp; Die Sch\u00fcler*innen der ehemaligen 6. Klasse von 2022 bem\u00fchten sich in einem Kunstprojekt darum, Wissenswertes \u00fcber [&hellip;]<\/p>\n","protected":false},"author":1,"featured_media":0,"parent":0,"menu_order":0,"comment_status":"closed","ping_status":"closed","template":"","meta":{"footnotes":""},"class_list":["post-3214","page","type-page","status-publish","hentry"],"_links":{"self":[{"href":"https:\/\/ahorn-schule.de\/index.php?rest_route=\/wp\/v2\/pages\/3214","targetHints":{"allow":["GET"]}}],"collection":[{"href":"https:\/\/ahorn-schule.de\/index.php?rest_route=\/wp\/v2\/pages"}],"about":[{"href":"https:\/\/ahorn-schule.de\/index.php?rest_route=\/wp\/v2\/types\/page"}],"author":[{"embeddable":true,"href":"https:\/\/ahorn-schule.de\/index.php?rest_route=\/wp\/v2\/users\/1"}],"replies":[{"embeddable":true,"href":"https:\/\/ahorn-schule.de\/index.php?rest_route=%2Fwp%2Fv2%2Fcomments&post=3214"}],"version-history":[{"count":5,"href":"https:\/\/ahorn-schule.de\/index.php?rest_route=\/wp\/v2\/pages\/3214\/revisions"}],"predecessor-version":[{"id":5803,"href":"https:\/\/ahorn-schule.de\/index.php?rest_route=\/wp\/v2\/pages\/3214\/revisions\/5803"}],"wp:attachment":[{"href":"https:\/\/ahorn-schule.de\/index.php?rest_route=%2Fwp%2Fv2%2Fmedia&parent=3214"}],"curies":[{"name":"wp","href":"https:\/\/api.w.org\/{rel}","templated":true}]}}