{"id":310,"date":"2017-11-05T19:09:40","date_gmt":"2017-11-05T18:09:40","guid":{"rendered":"http:\/\/ahorn-schule.de\/wp\/?page_id=310"},"modified":"2023-03-18T19:26:22","modified_gmt":"2023-03-18T18:26:22","slug":"links-fuer-kinder","status":"publish","type":"page","link":"https:\/\/ahorn-schule.de\/?page_id=310","title":{"rendered":"Links f\u00fcr Kinder"},"content":{"rendered":"<div class=\"art-article\">\n<p><span style=\"text-decoration: underline; font-family: arial, helvetica, sans-serif;\"><span style=\"font-size: 18pt; color: #000080; text-decoration: underline;\">Links f\u00fcr Kinder zum selbstst\u00e4ndigen Lernen, Forschen und Spielen<\/span><\/span><\/p>\n<\/div>\n<p>&nbsp;<\/p>\n<p><span style=\"font-family: arial, helvetica, sans-serif;\"><strong><span style=\"font-size: 14pt; color: #0000ff;\">Allgemein und fach\u00fcbergreifend:<\/span><\/strong><\/span><\/p>\n<p><span style=\"font-family: arial, helvetica, sans-serif; font-size: 12pt; color: #008000;\"><a style=\"color: #008000;\" href=\"https:\/\/seitenstark.de\/eltern-und-lehrkraefte\/angebote\/multimediale-bildungsangebote\">seitenstark.de &#8211; Der Start ins digitale Lernen\u00a0<\/a>\u00a0 &#8211; Multimediale Bildungsangebote\u00a0 \u00a0 \u00a0 \u00a0 \u00a0<\/span><\/p>\n<p><span style=\"color: #008000; font-family: arial, helvetica, sans-serif; font-size: 12pt;\"><a style=\"color: #008000;\" href=\"http:\/\/www.clixmix.de\/\">www.clixmix.de<\/a><\/span><\/p>\n<p><span style=\"color: #008000; font-family: arial, helvetica, sans-serif; font-size: 12pt;\"><a style=\"color: #008000;\" href=\"http:\/\/www.wdrmaus.de\/\">www.wdrmaus.de<\/a><\/span><\/p>\n<p><span style=\"color: #008000; font-family: arial, helvetica, sans-serif; font-size: 12pt;\"><a style=\"color: #008000;\" href=\"http:\/\/www.blinde-kuh.de\/\">www.blinde-kuh.de<\/a> &#8211; Meine Kindersuchmaschine<\/span><\/p>\n<p><span style=\"color: #008000; font-family: arial, helvetica, sans-serif; font-size: 12pt;\"><a style=\"color: #008000;\" href=\"http:\/\/www.fragfinn.de\">www.fragfinn.de<\/a> &#8211; Meine Kindersuchmaschine<\/span><\/p>\n<p><span style=\"font-family: arial, helvetica, sans-serif; color: #008000; font-size: 12pt;\"><a style=\"color: #008000;\" href=\"http:\/\/www.find-das-bild.de\/\">http:\/\/www.find-das-bild.de\/<\/a>\u00a0 &#8211; Bildersuche f\u00fcr Kinder <\/span><\/p>\n<p><span style=\"color: #008000; font-family: arial, helvetica, sans-serif; font-size: 12pt;\"><a style=\"color: #008000;\" href=\"http:\/\/www.klexikon.de\">www.klexikon.zum.de<\/a><\/span><\/p>\n<p><span style=\"font-family: arial, helvetica, sans-serif; font-size: 12pt; color: #008000;\"><a style=\"color: #008000;\" href=\"http:\/\/www.primolo.de\">www.primolo.de<\/a><\/span><\/p>\n<div class=\"art-article\">\n<p><span style=\"font-family: arial, helvetica, sans-serif; font-size: 12pt; color: #008000;\"><a style=\"color: #008000;\" href=\"https:\/\/www.schlaukopf.de\/\">https:\/\/www.schlaukopf.de\/<\/a> &#8211; \u00dcbungen und Quiz zum Lernen in vielen F\u00e4chern<\/span><\/p>\n<p><span style=\"color: #008000; font-family: arial, helvetica, sans-serif; font-size: 12pt;\"><a style=\"color: #008000;\" href=\"http:\/\/www.legakids.net\/kids\/spiele-games\/\">www.legakids.net\u00a0<\/a>&#8211; Lernen und Spielen,\u00a0 damit Rechnen, Lesen und Schreiben Spa\u00df machen<\/span><\/p>\n<p><span style=\"color: #008000; font-family: arial, helvetica, sans-serif; font-size: 12pt;\"><a style=\"color: #008000;\" href=\"http:\/\/www.labbe.de\/zzzebra\/index.asp?inhalt=themen\">http:\/\/www.labbe.de\/zzzebra<\/a>\u00a0 &#8211; Webmagazin f\u00fcr Kinder<\/span><\/p>\n<p><span style=\"color: #008000; font-family: arial, helvetica, sans-serif; font-size: 12pt;\"><a style=\"color: #008000;\" href=\"http:\/\/www.hamsterkiste.de\/\">www.hamsterkiste.de<\/a><\/span><\/p>\n<p><span style=\"font-family: arial, helvetica, sans-serif; font-size: 12pt; color: #008000;\"><a style=\"color: #008000;\" href=\"http:\/\/www.kidsweb.de\/\">www.kidsweb.de<\/a> &#8211; Eine Seite zum Lernen und Spielen f\u00fcr Kinder<\/span><\/p>\n<p><span style=\"font-family: arial, helvetica, sans-serif; color: #008000; font-size: 12pt;\"><a style=\"color: #008000;\" href=\"https:\/\/www.kidsville.de\/\">https:\/\/www.kidsville.de\/<\/a>\u00a0&#8211; Eine Seite zum Lernen und Spielen f\u00fcr Kinder<\/span><\/p>\n<p><span style=\"color: #008000; font-family: arial, helvetica, sans-serif; font-size: 12pt;\"><a style=\"color: #008000;\" href=\"http:\/\/www.kinderzeitmaschine.de\/\">http:\/\/www.kinderzeitmaschine.de\/<\/a>\u00a0\u00a0\u00a0 Kinderzeitmaschine<\/span><\/p>\n<p><span style=\"color: #008000; font-family: arial, helvetica, sans-serif; font-size: 12pt;\"><a style=\"color: #008000;\" href=\"http:\/\/www.medienwerkstatt-online.de\/lws_wissen\/\">http:\/\/www.medienwerkstatt-online.de\/lws_wissen\/<\/a><\/span><\/p>\n<\/div>\n<p><span style=\"font-family: arial, helvetica, sans-serif; color: #008000; font-size: 12pt;\"><a style=\"color: #008000;\" href=\"https:\/\/www.meine-forscherwelt.de\/spielen-und-entdecken\">https:\/\/www.meine-forscherwelt.de\/spielen-und-entdecken &#8211; <\/a>\u00dcbungen und Quiz zum Lernen in vielen F\u00e4chern<\/span><\/p>\n<p><span style=\"font-family: arial, helvetica, sans-serif; color: #008000; font-size: 12pt;\"><a style=\"color: #008000;\" href=\"https:\/\/www.geo.de\/geolino\/spiele?fbclid=IwAR2wDyz7WipqSpleNFY72jtzRilCtRQ-ukBEW63V0rnLLT4klsCenJm7LiU\">Geolino &#8211;&gt;onlinespiele<\/a><\/span><\/p>\n<p><span style=\"font-family: arial, helvetica, sans-serif; font-size: 12pt; color: #008000;\"><a style=\"color: #008000;\" href=\"https:\/\/www.planet-wissen.de\/sendungen\/planet-wissen-homeschooling-104.html\">Zuhause lernen mit Planet Wissen<\/a><\/span><\/p>\n<p><span style=\"font-family: arial, helvetica, sans-serif; font-size: 12pt; color: #008000;\"><a style=\"color: #008000;\" href=\"https:\/\/www.astronomie.de\/astronomie-fuer-kinder\/die-astrokids\/universum\/was-war-vor-dem-universum\/\">www.astronomie.de<\/a><\/span><\/p>\n<p><span style=\"font-family: arial, helvetica, sans-serif; font-size: 12pt; color: #008000;\"><a style=\"color: #008000;\" href=\"https:\/\/www.lernspass-fuer-kinder.de\/\">www.lernspass fuer kinder.de<\/a><\/span><\/p>\n<p><span style=\"font-family: arial, helvetica, sans-serif; font-size: 12pt;\"><a href=\"http:\/\/www.legasthenie-software.de\/game\/game.htm\"><span style=\"color: #008000;\">tintenklecks-legastheniesoftware<\/span>\u00a0 -&gt; Mathe, Deutsch, <span style=\"color: #008000;\">Wahrnehmung<\/span><\/a><\/span><\/p>\n<p>&nbsp;<\/p>\n<p><span style=\"font-family: arial, helvetica, sans-serif;\"><strong><span style=\"font-size: 14pt; color: #0000ff;\">Lernapps:<\/span><\/strong><\/span><\/p>\n<p><span style=\"font-family: arial, helvetica, sans-serif; font-size: 12pt; color: #008000;\"><a style=\"color: #008000; text-decoration: underline;\" href=\"https:\/\/anton.app\/de\/\">https:\/\/anton.app\/de\/<\/a>\u00a0 \u00a0&#8211;&gt; Anton &#8211; Lernapp f\u00fcr die Schule<\/span><\/p>\n<p><span style=\"font-family: arial, helvetica, sans-serif; font-size: 12pt; color: #008000;\"><a style=\"color: #008000; text-decoration: underline;\" href=\"https:\/\/alfons.westermann.de\/alfons\/#\/information\">Alfons Lernapp\u00a0<\/a>\u00a0 \u00a0&#8211;&gt; Alfons &#8211; Lernapp f\u00fcr die Schule vom Verlag Westermann bis 31.05.2020 kostenfrei \u00a0\u00a0\u00a0\u00a0\u00a0\u00a0\u00a0\u00a0\u00a0\u00a0 <\/span><br \/>\n<span style=\"font-family: arial, helvetica, sans-serif; font-size: 12pt; color: #008000;\"><a style=\"color: #008000; text-decoration: underline;\" href=\"https:\/\/www.planet-schule.de\/sf\/multimedia-lernspiele-detail.php?projekt=knietzsches-geschichtenwerkstatt\">planet-schule\u00a0 -&gt;Knietzsches Geschichtenwerkstatt<\/a> \u00a0 &#8211;&gt; App f\u00fcr kreative Kinder<\/span><\/p>\n<p>&nbsp;<\/p>\n<p><span style=\"font-family: arial, helvetica, sans-serif;\"><strong><span style=\"font-size: 14pt; color: #0000ff;\">Deutsch:<\/span><\/strong><\/span><\/p>\n<p><span style=\"color: #008000; font-family: arial, helvetica, sans-serif; font-size: 12pt;\"><a style=\"color: #008000;\" href=\"https:\/\/www.antolin.de\/\">www.antolin.de<\/a> &#8211; Mein Leseprogramm<\/span><\/p>\n<div class=\"art-article\">\n<p><span style=\"font-family: arial, helvetica, sans-serif; font-size: 12pt; color: #008000;\"><a style=\"color: #008000;\" href=\"https:\/\/www.einfachvorlesen.de\/\">https:\/\/www.einfachvorlesen.de\/<\/a>&#8211; Geschichten zum Vorlesen und Vorlesen lassen<\/span><\/p>\n<\/div>\n<p><span style=\"font-family: arial, helvetica, sans-serif; font-size: 12pt; color: #008000;\"><a style=\"color: #008000;\" href=\"https:\/\/www.orthografietrainer.net\/uebung\/uebungsauswahl.php\">Orthografietrainer (Rechtschreibtrainer)<\/a><\/span><\/p>\n<p><span style=\"font-family: arial, helvetica, sans-serif; color: #008000; font-size: 12pt;\"><a style=\"color: #008000;\" href=\"https:\/\/www.orthografietrainer.net\/grammatikwerkstatt\/uebungsauswahl.php\">Grammatiktrainer<\/a><\/span><\/p>\n<p><span style=\"color: #008000; font-family: arial, helvetica, sans-serif; font-size: 12pt;\"><a style=\"color: #008000;\" href=\"http:\/\/www.wortwusel.net\/index.html\">www.wortwuselwelt.de<\/a> &#8211; Spielen mit Sprache<\/span><\/p>\n<p><span style=\"font-family: arial, helvetica, sans-serif; font-size: 12pt; color: #008000;\"><a style=\"color: #008000;\" href=\"https:\/\/www.erzaehlzeit.de\/index.php\/was\/zwischenzeit\">www.erzaehlzeit.de &#8211; H\u00f6rgeschichten, Trickfilme<\/a><\/span><\/p>\n<p>&nbsp;<\/p>\n<p><span style=\"font-family: arial, helvetica, sans-serif;\"><strong><span style=\"font-size: 14pt; color: #0000ff;\">Mathe:<\/span><\/strong><\/span><\/p>\n<div class=\"art-article\">\n<p><span style=\"font-family: arial, helvetica, sans-serif; font-size: 12pt; color: #008000;\"><a style=\"color: #008000;\" href=\"http:\/\/www.mathe-im-netz.de\/klasse-1\/aufgaben-klasse-1\/\">http:\/\/www.mathe-im-netz.de\/<\/a><\/span><\/p>\n<\/div>\n<p><span style=\"font-family: arial, helvetica, sans-serif; font-size: 12pt; color: #008000;\"><a style=\"color: #008000;\" href=\"https:\/\/www.einmaleins.at\/spiele\/?fbclid=IwAR3BIKk9lsgFSBX3xeBRZLz9dYOruwz1zsscjtjcgO0PTyiHjptp4zXghmg\">Einmaleins-\u00dcbungsspiele<\/a><\/span><\/p>\n<p><span style=\"font-family: arial, helvetica, sans-serif; font-size: 12pt; color: #008000;\"><a style=\"color: #008000;\" href=\"https:\/\/www.youtube.com\/channel\/UCy0FxMgGUlRnkxCoNZUNRQQ\">Mathematik-Videos von LehrerSchmidt<\/a><\/span><\/p>\n<p><span style=\"font-family: arial, helvetica, sans-serif; font-size: 12pt; color: #008000;\"><a style=\"color: #008000;\" href=\"https:\/\/www.lernduschen.de\/\">Jicki &#8211; Lernduschen &#8211;&gt; Einmaleins<\/a><\/span><\/p>\n<p><span style=\"font-family: arial, helvetica, sans-serif; font-size: 12pt; color: #008000;\"><a style=\"color: #008000;\" href=\"https:\/\/coollama.de\/\">coollama &#8211;&gt; Matheportal f\u00fcr Grundschulkinder<\/a><\/span><\/p>\n<p>&nbsp;<\/p>\n<p><span style=\"font-family: arial, helvetica, sans-serif;\"><strong><span style=\"font-size: 14pt; color: #0000ff;\">Englisch:<\/span><\/strong><\/span><\/p>\n<p><span style=\"font-family: arial, helvetica, sans-serif;\"><span style=\"font-size: 12pt; color: #008000;\"><a style=\"color: #008000;\" href=\"https:\/\/www.youtube.com\/user\/SuperSimpleSongs\">SuperSimpleSongs<\/a><\/span><span style=\"font-size: 12pt; color: #008000;\">\u00a0 &#8211; kurze Videos\u00a0<\/span><\/span><\/p>\n<p><span style=\"font-family: arial, helvetica, sans-serif; font-size: 12pt; color: #008000;\"><a style=\"color: #008000;\" href=\"https:\/\/www.jicki.de\/\">Jicki &#8211; Lernduschen &#8211;&gt; Sprache (Englisch)<\/a><\/span><\/p>\n<p>&nbsp;<\/p>\n<p><span style=\"font-family: arial, helvetica, sans-serif;\"><strong><span style=\"font-size: 14pt; color: #0000ff;\">NaWi\/ Sachunterricht:<\/span><\/strong><\/span><\/p>\n<div class=\"art-article\">\n<p><span style=\"font-family: arial, helvetica, sans-serif; font-size: 12pt; color: #008000;\"><a style=\"color: #008000; text-decoration: underline;\" href=\"https:\/\/www.bisa100.de\/lernen\/pflanzen?fbclid=IwAR37vBhLIvkK2tZDWCDPYYZ1wckQCyAkYL0f7fT0eipoLfh7NJOhvGKCj9w\">BISA Pflanzenbestimmungskurs\u00a0<\/a> -&gt; Lernen und Spielen mit Pflanzen und Tieren\u00a0 \u00a0 \u00a0 \u00a0 \u00a0 \u00a0 \u00a0 \u00a0 \u00a0 \u00a0 \u00a0 \u00a0 <\/span><\/p>\n<\/div>\n<p><span style=\"font-family: arial, helvetica, sans-serif; font-size: 12pt; color: #008000;\"><span style=\"text-decoration: underline;\"><a style=\"color: #008000; text-decoration: underline;\" href=\"https:\/\/www.youtube.com\/user\/eswareinmalkanal\/playlists\">Es war einmal&#8230;<\/a><\/span>\u00a0 \u00a0 -&gt; Videokanal zu Themen des Lebens<\/span><br \/>\n<span style=\"font-family: arial, helvetica, sans-serif; font-size: 12pt; color: #008000;\"><a style=\"color: #008000; text-decoration: underline;\" href=\"https:\/\/www.meine-forscherwelt.de\/intro\/start.html\">Meine Forscherwelt\u00a0<\/a> \u00a0 -&gt; Wissen und Spiele rund um das sachkundliche Lernen <\/span><br \/>\n<span style=\"font-family: arial, helvetica, sans-serif; font-size: 12pt; color: #008000;\">(Themen sind: Mathematik, Luft, Computer, Umwelt, Wasser, K\u00f6rper uva.)\u00a0 \u00a0 <\/span><\/p>\n<p>&nbsp;<\/p>\n<p><span style=\"font-family: arial, helvetica, sans-serif; font-size: 14pt; color: #0000ff;\"><strong><span style=\"font-size: 14pt; color: #0000ff;\">Sport und Bewegung:<\/span><br \/>\n<\/strong><\/span><\/p>\n<p><span style=\"font-family: arial, helvetica, sans-serif; font-size: 12pt; color: #008000;\"><a style=\"color: #008000; text-decoration: underline;\" href=\"https:\/\/www.youtube.com\/albaberlin\">AlbaBerlin &#8211; ALBAs t\u00e4gliche Sportstunde \u00a0\u00a0<\/a> \u00a0 &#8211;&gt; bleib fit! bleib gesund! Deine t\u00e4gliche Bewegungszeit \u00a0\u00a0\u00a0\u00a0\u00a0\u00a0\u00a0\u00a0\u00a0\u00a0\u00a0 <\/span><\/p>\n<p><span style=\"font-family: arial, helvetica, sans-serif; font-size: 12pt; color: #008000;\"><a style=\"color: #008000;\" href=\"https:\/\/www.sport-attack.at\/spiele-fuer-zu-hause\/?fbclid=IwAR3kgTb5GNPe_Cyl00Pvm7WHD4kQlsKEBWuKWzj8lC2hWTBTxWKtean9hMY\">sport-attack\u00a0 \u00a0<\/a> \u00a0 \u00a0 \u00a0 \u00a0&#8211;&gt; Spiele f\u00fcr zu Hause<\/span><\/p>\n<p><span style=\"font-family: arial, helvetica, sans-serif; font-size: 12pt; color: #008000;\"><a style=\"color: #008000;\" href=\"https:\/\/www.zdf.de\/kinder\/die-sportmacher\/sb-material\/sportmachergemeinsamzuhause-100.html\">Sportmacher gemeinsam zu Hause\u00a0<\/a>\u00a0 \u00a0 &#8211;&gt; ZDF Tivi &#8211; Die Sportmacher, Videos und Filme zum Mitmachen<\/span><\/p>\n<p><span style=\"font-family: arial, helvetica, sans-serif; font-size: 12pt; color: #008000;\">\u00a0 \u00a0 \u00a0 <\/span><\/p>\n<p>&nbsp;<\/p>\n<p><span style=\"font-family: arial, helvetica, sans-serif;\"><strong><span style=\"font-size: 14pt; color: #0000ff;\">Kunst:<\/span><\/strong><\/span><\/p>\n<p><span style=\"font-family: arial, helvetica, sans-serif; font-size: 12pt; color: #339966;\"><a style=\"color: #339966;\" href=\"https:\/\/www.zdf.de\/wissen\/kunst-design-104.html\">zdf.de &#8211; wissen &#8211;&gt; Kunst<\/a><\/span><\/p>\n<p>&nbsp;<\/p>\n<p>&nbsp;<\/p>\n<p><span style=\"font-family: arial, helvetica, sans-serif;\"><strong><span style=\"font-size: 14pt; color: #0000ff;\">Medienbildung \/ Computertraining:<\/span><\/strong><\/span><\/p>\n<p><span style=\"font-family: arial, helvetica, sans-serif; font-size: 12pt; color: #008000;\"><a style=\"color: #008000;\" href=\"https:\/\/www.toniklix.de\/index.html\">https:\/\/www.toniklix.de\/index.html<\/a>\u00a0&#8211; Maus- und Tastentraining<\/span><\/p>\n<p><span style=\"color: #008000; font-family: arial, helvetica, sans-serif; font-size: 12pt;\"><a style=\"color: #008000;\" href=\"http:\/\/www.kindernetz.de\/home\/-\/id=4390\/fq7oka\/index.html\">www.kindernetz.de<\/a><\/span><\/p>\n<p><span style=\"color: #008000; font-family: arial, helvetica, sans-serif; font-size: 12pt;\"><a style=\"color: #008000;\" href=\"http:\/\/www.internet-abc.de\/kinder\">www.internet-abc.de\/kinder<\/a><\/span><\/p>\n<p><span style=\"font-family: arial, helvetica, sans-serif; font-size: 12pt; color: #008000;\"><a style=\"color: #008000;\" href=\"https:\/\/www.kika.de\/index.html?fbclid=IwAR3WtUL-q7z56C3ex5PNXReSts5M8hpud1i9umh10u6SOi5TAqq-QOkUI4w\">www.kika.de -&gt; BildungsTV f\u00fcr Kinder<\/a><\/span><\/p>\n<p><span style=\"font-family: arial, helvetica, sans-serif; font-size: 12pt; color: #008000;\"><a style=\"color: #008000;\" href=\"https:\/\/www.zdf.de\/kinder\">ZDFtivi\u00a0<\/a>\u00a0 \u00a0 \u00a0 UND\u00a0 \u00a0<span style=\"font-size: 12pt; color: #008000;\"><a style=\"color: #008000;\" href=\"https:\/\/www.zdf.de\/wissen\/schulersatzprogramm-100.html\">zdf.de &#8211;&gt;wissen-schulersatzprogramm<\/a><\/span> \u00a0 \u00a0 \u00a0 \u00a0 \u00a0 <\/span><\/p>\n<p><span style=\"font-family: arial, helvetica, sans-serif; font-size: 12pt; color: #008000;\"><a style=\"color: #008000;\" href=\"https:\/\/www.checkeins.de\/\">checkeins<\/a><\/span><\/p>\n<p><span style=\"font-family: arial, helvetica, sans-serif; font-size: 12pt; color: #008000;\"><a style=\"color: #008000;\" href=\"https:\/\/www.zdf.de\/kinder\/loewenzahn\">ZDF-Kinder-Loewenzahn<\/a><\/span><\/p>\n<p><span style=\"font-family: arial, helvetica, sans-serif; font-size: 12pt; color: #008000;\"><a style=\"color: #008000;\" href=\"https:\/\/www.br.de\/mediathek\/rubriken\/themenseite-schule-daheim-100\">Mediathek BR -&gt; Schule online lernen<\/a><\/span><\/p>\n<p>&nbsp;<\/p>\n<p><span style=\"font-family: arial, helvetica, sans-serif; font-size: 14pt; color: #0000ff;\"><strong>Weihnachtsspiele<\/strong><\/span><\/p>\n<p><span style=\"font-size: 12pt; color: #008000; font-family: arial, helvetica, sans-serif;\"><a style=\"color: #008000;\" href=\"http:\/\/www.weihnachten.machtspass.com\/weihnachtsspiele.htm\">Weihnachtsspiele<\/a><\/span><\/p>\n<p><span style=\"color: #008000; font-family: arial, helvetica, sans-serif; font-size: 12pt;\"><a style=\"color: #008000;\" href=\"http:\/\/www.weihnachten.machtspass.com\/weihnachtsspiel_lichterbaum.htm\">Lichterbaum<\/a><\/span><\/p>\n<p><span style=\"color: #008000; font-family: arial, helvetica, sans-serif; font-size: 12pt;\"><a style=\"color: #008000;\" href=\"http:\/\/www.weihnachten.machtspass.com\/weihnachtsspiel_nikolo.htm\">Nikolausfangen<\/a><\/span><\/p>\n<p>&nbsp;<\/p>\n<p><span style=\"color: #0000ff; font-family: arial, helvetica, sans-serif;\"><strong><span style=\"font-size: 14pt;\">Sonstiges:<\/span><\/strong><\/span><\/p>\n<p><span style=\"font-family: arial, helvetica, sans-serif; color: #008000; font-size: 12pt;\"><a style=\"color: #008000;\" href=\"http:\/\/www.auditorix.de\/kinder\/\">http:\/\/www.auditorix.de\/kinder\/<\/a>\u00a0 &#8211; H\u00f6rspielwerkstatt<\/span><\/p>\n<p><span style=\"font-family: arial, helvetica, sans-serif; font-size: 12pt; color: #008000;\"><a style=\"color: #008000;\" href=\"https:\/\/www.kleineschule.com.de\/onlinespiele.html\">www.kleineschule.com.de\/<\/a>\u00a0 &#8211; \u00dcbungen und Lernspiele f\u00fcr Kindergarten, Vorschule und Grundschule<\/span><\/p>\n<p>&nbsp;<\/p>\n<p>&nbsp;<\/p>\n<p>&nbsp;<\/p>\n<p>&nbsp;<\/p>\n","protected":false},"excerpt":{"rendered":"<p>Links f\u00fcr Kinder zum selbstst\u00e4ndigen Lernen, Forschen und Spielen &nbsp; Allgemein und fach\u00fcbergreifend: seitenstark.de &#8211; Der Start ins digitale Lernen\u00a0\u00a0 &#8211; Multimediale Bildungsangebote\u00a0 \u00a0 \u00a0 \u00a0 \u00a0 www.clixmix.de www.wdrmaus.de www.blinde-kuh.de &#8211; Meine Kindersuchmaschine www.fragfinn.de &#8211; Meine Kindersuchmaschine http:\/\/www.find-das-bild.de\/\u00a0 &#8211; Bildersuche f\u00fcr Kinder www.klexikon.zum.de www.primolo.de https:\/\/www.schlaukopf.de\/ &#8211; \u00dcbungen und Quiz zum Lernen in vielen F\u00e4chern www.legakids.net\u00a0&#8211; [&hellip;]<\/p>\n","protected":false},"author":1,"featured_media":0,"parent":0,"menu_order":0,"comment_status":"closed","ping_status":"closed","template":"","meta":{"footnotes":""},"class_list":["post-310","page","type-page","status-publish","hentry"],"_links":{"self":[{"href":"https:\/\/ahorn-schule.de\/index.php?rest_route=\/wp\/v2\/pages\/310","targetHints":{"allow":["GET"]}}],"collection":[{"href":"https:\/\/ahorn-schule.de\/index.php?rest_route=\/wp\/v2\/pages"}],"about":[{"href":"https:\/\/ahorn-schule.de\/index.php?rest_route=\/wp\/v2\/types\/page"}],"author":[{"embeddable":true,"href":"https:\/\/ahorn-schule.de\/index.php?rest_route=\/wp\/v2\/users\/1"}],"replies":[{"embeddable":true,"href":"https:\/\/ahorn-schule.de\/index.php?rest_route=%2Fwp%2Fv2%2Fcomments&post=310"}],"version-history":[{"count":70,"href":"https:\/\/ahorn-schule.de\/index.php?rest_route=\/wp\/v2\/pages\/310\/revisions"}],"predecessor-version":[{"id":4375,"href":"https:\/\/ahorn-schule.de\/index.php?rest_route=\/wp\/v2\/pages\/310\/revisions\/4375"}],"wp:attachment":[{"href":"https:\/\/ahorn-schule.de\/index.php?rest_route=%2Fwp%2Fv2%2Fmedia&parent=310"}],"curies":[{"name":"wp","href":"https:\/\/api.w.org\/{rel}","templated":true}]}}