{"id":306,"date":"2017-11-05T09:24:47","date_gmt":"2017-11-05T08:24:47","guid":{"rendered":"http:\/\/ahorn-schule.de\/wp\/?page_id=306"},"modified":"2025-08-11T10:11:04","modified_gmt":"2025-08-11T08:11:04","slug":"elterninformationen","status":"publish","type":"page","link":"https:\/\/ahorn-schule.de\/?page_id=306","title":{"rendered":"Elternseite &#8211; Service"},"content":{"rendered":"<h2>\u00a0<span style=\"font-family: arial, helvetica, sans-serif;\"><img loading=\"lazy\" decoding=\"async\" class=\"wp-image-456 alignnone\" src=\"http:\/\/ahorn-schule.de\/wp-content\/uploads\/2017\/10\/LeisteBlatt7-300x67.jpg\" alt=\"\" width=\"336\" height=\"75\" srcset=\"https:\/\/ahorn-schule.de\/wp-content\/uploads\/2017\/10\/LeisteBlatt7-300x67.jpg 300w, https:\/\/ahorn-schule.de\/wp-content\/uploads\/2017\/10\/LeisteBlatt7-450x101.jpg 450w, https:\/\/ahorn-schule.de\/wp-content\/uploads\/2017\/10\/LeisteBlatt7.jpg 513w\" sizes=\"auto, (max-width: 336px) 100vw, 336px\" \/><img loading=\"lazy\" decoding=\"async\" class=\" wp-image-456 alignnone\" src=\"http:\/\/ahorn-schule.de\/wp-content\/uploads\/2017\/10\/LeisteBlatt7-300x67.jpg\" alt=\"\" width=\"318\" height=\"71\" srcset=\"https:\/\/ahorn-schule.de\/wp-content\/uploads\/2017\/10\/LeisteBlatt7-300x67.jpg 300w, https:\/\/ahorn-schule.de\/wp-content\/uploads\/2017\/10\/LeisteBlatt7-450x101.jpg 450w, https:\/\/ahorn-schule.de\/wp-content\/uploads\/2017\/10\/LeisteBlatt7.jpg 513w\" sizes=\"auto, (max-width: 318px) 100vw, 318px\" \/><\/span><\/h2>\n<h2><span style=\"color: #008000; font-family: arial,helvetica,sans-serif;\">Betreuungsangebot<\/span><\/h2>\n<h4><span style=\"color: #339966; font-family: arial, helvetica, sans-serif;\">\u00a0<b>Verl\u00e4ssliche Halbtagsgrundschule (VHG) \u00a0erg\u00e4nzenden F\u00f6rderung und Betreuung (eF\u00f6B, ehemals Hort)<\/b><\/span><\/h4>\n<p>&nbsp;<\/p>\n<p><span style=\"font-family: arial, helvetica, sans-serif; font-size: 12pt;\">Wir sind eine Schule mit \u00a0erg\u00e4nzenden F\u00f6rderung und Betreuung von 6:00 &#8211; 18:00 Uhr. Das bedeutet, dass ein Schulhort bei Bedarf besucht werden kann.<\/span><\/p>\n<p><span style=\"font-family: arial, helvetica, sans-serif; font-size: 12pt;\">Sie k\u00f6nnen sich f\u00fcr verschiedene Module der Hortbetreuung entscheiden. Dabei schlie\u00dfen Sie einen kostenpflichtigen Vertrag mit dem Bezirksamt Treptow &#8211; K\u00f6penick ab. Ein Mittagessen und die Betreuungszeiten in den Ferien sind inbegriffen.<\/span><\/p>\n<p><span style=\"font-family: arial, helvetica, sans-serif; font-size: 12pt;\">In der VHG wird Ihr Kind unabh\u00e4ngig vom Stundenplan in der Zeit von 7:30 Uhr &#8211; 13:30 Uhr kostenfrei betreut.\u00a0<\/span><\/p>\n<p><span style=\"font-family: arial, helvetica, sans-serif; font-size: 12pt;\">F\u00fcr die Kinder der Schulanfangsphase ist ein Schulbustransport auf Antrag m\u00f6glich.<\/span><\/p>\n<p><span style=\"font-family: arial, helvetica, sans-serif; font-size: 12pt;\">Im Hort werden Hausaugaben erledigt. Es gibt ein interessantes Sport\u2013 und Bewegungsangebot.<\/span><\/p>\n<p><span style=\"font-family: arial, helvetica, sans-serif; font-size: 12pt;\">Weitere kindgem\u00e4\u00dfe Angebote, wie verschiedene Arbeitsgemeinschaften, unterst\u00fctzen die Kinder in ihrer Entwicklung.<\/span><\/p>\n<h2><span style=\"font-size: 12pt; font-family: arial, helvetica, sans-serif;\">\u00a0 \u00a0 <span style=\"font-size: 14pt;\">Kontakttelefon des eF\u00f6B:\u00a0\u00a0 030-64091780 <\/span>\u00a0\u00a0\u00a0\u00a0\u00a0<\/span><\/h2>\n<h2><span style=\"font-size: 12pt; font-family: arial, helvetica, sans-serif;\">\u00a0<\/span><\/h2>\n<h2><span style=\"font-family: arial,helvetica,sans-serif; color: #008000;\"><b>Beratungsangebote f\u00fcr Eltern<\/b><\/span><\/h2>\n<p>&nbsp;<\/p>\n<p><span style=\"font-family: arial,helvetica,sans-serif;\">=&gt; Beratung von Eltern, Lehrer\/Innen und Erzieher\/Innen zu den M\u00f6glichkeiten gezielter Sprachf\u00f6rderung<\/span><\/p>\n<p><span style=\"font-family: arial,helvetica,sans-serif;\">=&gt; Beratung von Eltern, Lehrer\/Innen und Erzieher\/Innen im Umgang mit dem Autismus des Kindes<\/span><\/p>\n<p><span style=\"font-family: arial,helvetica,sans-serif;\">=&gt; Schullaufbahnberatung<\/span><\/p>\n<p><span style=\"font-family: arial,helvetica,sans-serif;\"><b>Interessierte Eltern k\u00f6nnen jederzeit einen Besichtigungs- und Beratungstermin mit der Schulleitung vereinbaren.<\/b><\/span><\/p>\n<h3><span style=\"font-family: arial,helvetica,sans-serif;\"><img loading=\"lazy\" decoding=\"async\" class=\" wp-image-211 aligncenter\" src=\"http:\/\/ahorn-schule.de\/wp-content\/uploads\/2017\/10\/ahorn2-283x300.jpg\" alt=\"\" width=\"125\" height=\"133\" srcset=\"https:\/\/ahorn-schule.de\/wp-content\/uploads\/2017\/10\/ahorn2-283x300.jpg 283w, https:\/\/ahorn-schule.de\/wp-content\/uploads\/2017\/10\/ahorn2.jpg 341w\" sizes=\"auto, (max-width: 125px) 100vw, 125px\" \/><\/span><\/h3>\n<h2 style=\"text-align: center;\"><span style=\"font-family: arial,helvetica,sans-serif; color: #008000;\">Unsere Unterrichtszeiten<\/span><\/h2>\n<table style=\"height: 221px;\" width=\"484\">\n<tbody>\n<tr>\n<td><span style=\"font-family: arial,helvetica,sans-serif;\"><strong>Stunde<\/strong><\/span><\/td>\n<td><span style=\"font-family: arial,helvetica,sans-serif;\"><strong>Zeit <\/strong><\/span><\/td>\n<\/tr>\n<tr>\n<td><span style=\"font-family: arial, helvetica, sans-serif; color: #000000;\">\u00a01<\/span><\/td>\n<td><span style=\"font-family: arial, helvetica, sans-serif; color: #000000;\">\u00a007.45 \u2013 08.30<\/span><\/td>\n<\/tr>\n<tr>\n<td><span style=\"font-family: arial, helvetica, sans-serif; color: #000000;\">\u00a02<\/span><\/td>\n<td style=\"text-align: left;\"><span style=\"font-family: arial, helvetica, sans-serif; color: #000000;\">\u00a008.40 \u2013 09.25<\/span><\/td>\n<\/tr>\n<tr>\n<td><span style=\"font-family: arial, helvetica, sans-serif; color: #000000;\">\u00a03<\/span><\/td>\n<td><span style=\"font-family: arial, helvetica, sans-serif; color: #000000;\">\u00a009.50 \u2013 10.35<\/span><\/td>\n<\/tr>\n<tr>\n<td><span style=\"font-family: arial, helvetica, sans-serif; color: #000000;\">\u00a04<\/span><\/td>\n<td style=\"text-align: left;\"><span style=\"font-family: arial, helvetica, sans-serif; color: #000000;\">\u00a010.40 \u2013 11.25<\/span><\/td>\n<\/tr>\n<tr>\n<td><span style=\"font-family: arial, helvetica, sans-serif; color: #000000;\">\u00a05<\/span><\/td>\n<td><span style=\"font-family: arial, helvetica, sans-serif; color: #000000;\">\u00a011.55 \u2013 12.40<\/span><\/td>\n<\/tr>\n<tr>\n<td><span style=\"font-family: arial, helvetica, sans-serif; color: #000000;\">\u00a06<\/span><\/td>\n<td><span style=\"font-family: arial, helvetica, sans-serif; color: #000000;\">\u00a012.45 \u2013 13.30<\/span><\/td>\n<\/tr>\n<tr>\n<td><span style=\"font-family: arial, helvetica, sans-serif; color: #000000;\">\u00a07<\/span><\/td>\n<td><span style=\"font-family: arial, helvetica, sans-serif; color: #000000;\">\u00a013.35 \u2013 14.20<\/span><\/td>\n<\/tr>\n<\/tbody>\n<\/table>\n<p>&nbsp;<\/p>\n<h2 style=\"text-align: center;\"><span style=\"font-family: arial, helvetica, sans-serif; color: #008000; font-size: 18pt;\">Busfahrplan 2025\/2026<\/span><\/h2>\n<p><span style=\"font-family: arial, helvetica, sans-serif;\">Informationen \u00fcber das Transportunternehmen berlinmobil erhalten Sie, sobald Sie f\u00fcr Ihr Kind den Bescheid f\u00fcr den Bustransport erhalten hat.<\/span><\/p>\n<p>&nbsp;<\/p>\n<header class=\"entry-header\">\n<h3 class=\"entry-title\" style=\"text-align: center;\"><span style=\"font-family: arial, helvetica, sans-serif; color: #008000; font-size: 18pt;\">Ferien des aktuellen Schuljahres<\/span><\/h3>\n<\/header>\n<div class=\"entry-content\">\n<p><span style=\"font-family: arial,helvetica,sans-serif;\">Hier finden Sie die Termine f\u00fcr das Schuljahr 2025\/ 2026.<\/span><\/p>\n<\/div>\n<div class=\"table-responsive\">\n<table style=\"width: 91.3472%; height: 384px;\">\n<tbody>\n<tr>\n<td style=\"width: 18.9454%;\" width=\"163\"><span style=\"font-family: arial, helvetica, sans-serif; font-size: 12pt;\"><strong>Schuljahr <span style=\"color: #0000ff;\">2025\/2026<\/span><\/strong><\/span><\/td>\n<td style=\"width: 15.2207%;\" width=\"144\"><span style=\"font-family: arial, helvetica, sans-serif; font-size: 12pt;\"><em>Ferienbeginn<\/em><\/span><\/td>\n<td style=\"width: 16.847%;\" width=\"154\"><span style=\"font-family: arial, helvetica, sans-serif; font-size: 12pt;\"><em>Ferienende<\/em><\/span><\/td>\n<td style=\"width: 20.1069%;\" width=\"154\"><span style=\"font-family: arial, helvetica, sans-serif; font-size: 12pt;\"><em>erster Unterrichtstag<\/em><\/span><\/td>\n<\/tr>\n<tr>\n<td style=\"width: 18.9454%;\" width=\"163\"><span style=\"font-family: arial, helvetica, sans-serif; font-size: 10pt; color: #000000;\"><em>Sommerferien<\/em><\/span><\/td>\n<td style=\"width: 15.2207%;\" width=\"144\"><span style=\"font-family: arial, helvetica, sans-serif; font-size: 10pt; color: #000000;\">Do 24.07.2025<\/span><\/td>\n<td style=\"width: 16.847%;\" width=\"154\"><span style=\"font-family: arial, helvetica, sans-serif; font-size: 10pt; color: #000000;\">Sa 06.09.2025<\/span><\/td>\n<td style=\"width: 20.1069%;\" width=\"154\"><span style=\"font-family: arial, helvetica, sans-serif; font-size: 10pt; color: #000000;\">Mo 08.09.2025<\/span><\/td>\n<\/tr>\n<tr>\n<td style=\"width: 18.9454%;\" width=\"163\"><span style=\"font-family: arial, helvetica, sans-serif; font-size: 10pt; color: #000000;\"><em>Herbstferien<\/em><\/span><\/td>\n<td style=\"width: 15.2207%;\" width=\"144\"><span style=\"font-family: arial, helvetica, sans-serif; font-size: 10pt; color: #000000;\">Mo 20.10.2025<\/span><\/td>\n<td style=\"width: 16.847%;\" width=\"154\"><span style=\"font-family: arial, helvetica, sans-serif; font-size: 10pt; color: #000000;\">Sa 01.11.2025<\/span><\/td>\n<td style=\"width: 20.1069%;\" width=\"154\"><span style=\"font-family: arial, helvetica, sans-serif; font-size: 10pt; color: #000000;\">Mo 03.11.2025<\/span><\/td>\n<\/tr>\n<tr>\n<td style=\"width: 18.9454%;\" width=\"163\"><span style=\"font-family: arial, helvetica, sans-serif; font-size: 10pt; color: #000000;\"><em>Weihnachtsferien<\/em><\/span><\/td>\n<td style=\"width: 15.2207%;\" width=\"144\"><span style=\"font-family: arial, helvetica, sans-serif; font-size: 10pt; color: #000000;\">Mo 22.12.2025<\/span><\/td>\n<td style=\"width: 16.847%;\" width=\"154\"><span style=\"font-family: arial, helvetica, sans-serif; font-size: 10pt; color: #000000;\">Fr 02.01.2026<\/span><\/td>\n<td style=\"width: 20.1069%;\" width=\"154\"><span style=\"font-family: arial, helvetica, sans-serif; font-size: 10pt; color: #000000;\">Mo 05.01.2026<\/span><\/td>\n<\/tr>\n<tr>\n<td style=\"width: 18.9454%;\" width=\"163\"><span style=\"font-family: arial, helvetica, sans-serif; font-size: 10pt; color: #000000;\"><em>Winterferien<\/em><\/span><\/td>\n<td style=\"width: 15.2207%;\" width=\"144\"><span style=\"font-family: arial, helvetica, sans-serif; font-size: 10pt; color: #000000;\">Mo 02.02.2026<\/span><\/td>\n<td style=\"width: 16.847%;\" width=\"154\"><span style=\"font-family: arial, helvetica, sans-serif; font-size: 10pt; color: #000000;\">Sa 07.02.2026<\/span><\/td>\n<td style=\"width: 20.1069%;\" width=\"154\"><span style=\"font-family: arial, helvetica, sans-serif; font-size: 10pt; color: #000000;\">Mo 09.02.2026<\/span><\/td>\n<\/tr>\n<tr>\n<td style=\"width: 18.9454%;\" width=\"163\"><span style=\"font-family: arial, helvetica, sans-serif; font-size: 10pt; color: #000000;\"><em>Osterferien<\/em><\/span><\/td>\n<td style=\"width: 15.2207%;\" width=\"144\"><span style=\"font-family: arial, helvetica, sans-serif; font-size: 10pt; color: #000000;\">Mo 30.03.2026<\/span><\/td>\n<td style=\"width: 16.847%;\" width=\"154\"><span style=\"font-family: arial, helvetica, sans-serif; font-size: 10pt; color: #000000;\">Fr 10.04.2026<\/span><\/td>\n<td style=\"width: 20.1069%;\" width=\"154\"><span style=\"font-family: arial, helvetica, sans-serif; font-size: 10pt; color: #000000;\">Mo 13.04.2026<\/span><\/td>\n<\/tr>\n<tr>\n<td style=\"width: 18.9454%;\" width=\"163\"><span style=\"font-family: arial, helvetica, sans-serif; font-size: 10pt; color: #000000;\"><em>Unterrichtsfreier Tag<\/em><\/span><\/td>\n<td style=\"width: 15.2207%;\" width=\"144\"><span style=\"font-family: arial, helvetica, sans-serif; font-size: 10pt; color: #000000;\">Fr 15.05.2026<\/span><\/td>\n<td style=\"width: 16.847%;\" width=\"154\"><span style=\"font-family: arial, helvetica, sans-serif; font-size: 10pt; color: #000000;\">Fr 15.05.2026<\/span><\/td>\n<td style=\"width: 20.1069%;\" width=\"154\"><span style=\"font-family: arial, helvetica, sans-serif; font-size: 10pt; color: #000000;\">Mo 18.05.2026<\/span><\/td>\n<\/tr>\n<tr>\n<td style=\"width: 18.9454%;\" width=\"163\"><span style=\"font-family: arial, helvetica, sans-serif; font-size: 10pt; color: #000000;\"><em>Pfingstferien<\/em><\/span><\/td>\n<td style=\"width: 15.2207%;\" width=\"144\"><span style=\"font-family: arial, helvetica, sans-serif; font-size: 10pt; color: #000000;\">Di 26.05.2026<\/span><\/td>\n<td style=\"width: 16.847%;\" width=\"154\"><span style=\"font-family: arial, helvetica, sans-serif; font-size: 10pt; color: #000000;\">Di 26.05.2026<\/span><\/td>\n<td style=\"width: 20.1069%;\" width=\"154\"><span style=\"font-family: arial, helvetica, sans-serif; font-size: 10pt; color: #000000;\">Mi 27.05.2026<\/span><\/td>\n<\/tr>\n<tr>\n<td style=\"width: 18.9454%;\" width=\"163\"><span style=\"font-family: arial, helvetica, sans-serif; font-size: 10pt; color: #000000;\"><em>Sommerferien<\/em><\/span><\/td>\n<td style=\"width: 15.2207%;\" width=\"144\"><span style=\"font-family: arial, helvetica, sans-serif; font-size: 10pt; color: #000000;\">Do 09.07.2026<\/span><\/td>\n<td style=\"width: 16.847%;\" width=\"154\"><span style=\"font-family: arial, helvetica, sans-serif; font-size: 10pt; color: #000000;\">Sa 22.08.2026<\/span><\/td>\n<td style=\"width: 20.1069%;\" width=\"154\"><span style=\"font-family: arial, helvetica, sans-serif; font-size: 10pt; color: #000000;\">Mo 24.08.2026<\/span><\/td>\n<\/tr>\n<\/tbody>\n<\/table>\n<\/div>\n<div><\/div>\n<div><span style=\"font-size: 12pt;\"><span style=\"font-family: arial, helvetica, sans-serif;\">Eine \u00dcbersicht zu den Berliner Ferienterminen und Br\u00fcckentagen erhalten Sie <\/span><a style=\"font-family: arial, helvetica, sans-serif;\" href=\"https:\/\/www.berlin.de\/sen\/bjf\/service\/kalender\/ferien\/termine\/#2023\">hier:\u00a0<\/a>\u00a0\u00a0\u00a0\u00a0\u00a0\u00a0\u00a0\u00a0\u00a0<\/span><\/div>\n<p>&nbsp;<\/p>\n","protected":false},"excerpt":{"rendered":"<p>\u00a0 Betreuungsangebot \u00a0Verl\u00e4ssliche Halbtagsgrundschule (VHG) \u00a0erg\u00e4nzenden F\u00f6rderung und Betreuung (eF\u00f6B, ehemals Hort) &nbsp; Wir sind eine Schule mit \u00a0erg\u00e4nzenden F\u00f6rderung und Betreuung von 6:00 &#8211; 18:00 Uhr. Das bedeutet, dass ein Schulhort bei Bedarf besucht werden kann. Sie k\u00f6nnen sich f\u00fcr verschiedene Module der Hortbetreuung entscheiden. Dabei schlie\u00dfen Sie einen kostenpflichtigen Vertrag mit dem Bezirksamt [&hellip;]<\/p>\n","protected":false},"author":1,"featured_media":0,"parent":0,"menu_order":0,"comment_status":"closed","ping_status":"closed","template":"","meta":{"footnotes":""},"class_list":["post-306","page","type-page","status-publish","hentry"],"_links":{"self":[{"href":"https:\/\/ahorn-schule.de\/index.php?rest_route=\/wp\/v2\/pages\/306","targetHints":{"allow":["GET"]}}],"collection":[{"href":"https:\/\/ahorn-schule.de\/index.php?rest_route=\/wp\/v2\/pages"}],"about":[{"href":"https:\/\/ahorn-schule.de\/index.php?rest_route=\/wp\/v2\/types\/page"}],"author":[{"embeddable":true,"href":"https:\/\/ahorn-schule.de\/index.php?rest_route=\/wp\/v2\/users\/1"}],"replies":[{"embeddable":true,"href":"https:\/\/ahorn-schule.de\/index.php?rest_route=%2Fwp%2Fv2%2Fcomments&post=306"}],"version-history":[{"count":35,"href":"https:\/\/ahorn-schule.de\/index.php?rest_route=\/wp\/v2\/pages\/306\/revisions"}],"predecessor-version":[{"id":6450,"href":"https:\/\/ahorn-schule.de\/index.php?rest_route=\/wp\/v2\/pages\/306\/revisions\/6450"}],"wp:attachment":[{"href":"https:\/\/ahorn-schule.de\/index.php?rest_route=%2Fwp%2Fv2%2Fmedia&parent=306"}],"curies":[{"name":"wp","href":"https:\/\/api.w.org\/{rel}","templated":true}]}}