{"id":287,"date":"2022-08-04T19:44:09","date_gmt":"2022-08-04T17:44:09","guid":{"rendered":"http:\/\/ahorn-schule.de\/wp\/?page_id=287"},"modified":"2026-03-26T19:44:15","modified_gmt":"2026-03-26T18:44:15","slug":"termine","status":"publish","type":"page","link":"https:\/\/ahorn-schule.de\/?page_id=287","title":{"rendered":"Termine"},"content":{"rendered":"<header class=\"entry-header\">\n<h1 class=\"entry-title\"><span style=\"color: #008000; font-family: arial,helvetica,sans-serif;\">Termine f\u00fcr das aktuelle Schuljahr<\/span><\/h1>\n<\/header>\n<div class=\"entry-content\">\n<p><span style=\"font-family: arial,helvetica,sans-serif;\">Hier finden Sie die Termine f\u00fcr das\u00a0 Schuljahr 2025\/2026. <\/span><\/p>\n<p><span style=\"font-family: arial,helvetica,sans-serif;\">Auf den weiteren Seiten finden Sie n\u00e4here Erl\u00e4uterungen oder Beitr\u00e4ge zu den einzelnen Veranstaltungen. Termine aus dem Hortbereich (Hortveranstaltungen und Schlie\u00dfzeiten) erhalten Sie hier.<\/span><\/p>\n<p><img loading=\"lazy\" decoding=\"async\" class=\"wp-image-456 aligncenter\" src=\"https:\/\/ahorn-schule.de\/wp-content\/uploads\/2017\/10\/LeisteBlatt7.jpg\" alt=\"\" width=\"749\" height=\"168\" srcset=\"https:\/\/ahorn-schule.de\/wp-content\/uploads\/2017\/10\/LeisteBlatt7.jpg 513w, https:\/\/ahorn-schule.de\/wp-content\/uploads\/2017\/10\/LeisteBlatt7-300x67.jpg 300w, https:\/\/ahorn-schule.de\/wp-content\/uploads\/2017\/10\/LeisteBlatt7-450x101.jpg 450w\" sizes=\"auto, (max-width: 749px) 100vw, 749px\" \/><\/p>\n<\/div>\n<p>&nbsp;<\/p>\n<p>&nbsp;<\/p>\n<p><span style=\"color: #003366;\"><em><strong><span style=\"font-family: arial, helvetica, sans-serif; font-size: 18pt;\">Schuljahr 2025\/2026<\/span><\/strong><\/em><\/span><\/p>\n<p>&nbsp;<\/p>\n<p><span style=\"font-size: 14pt; font-family: arial, helvetica, sans-serif; color: #008000;\"><strong>September 2025<\/strong><\/span><\/p>\n<p><span style=\"font-family: arial, helvetica, sans-serif; font-size: 12pt; color: #000000;\">ab 03.09.\u00a0 \u00a0 \u00a0 \u00a0 \u00a0 \u00a0 \u00a0 \u00a0 \u00a0Vorbereitungswoche f\u00fcr das Schuljahr 2025\/26 \u00a0 \u00a0\u00a0<\/span><\/p>\n<p><span style=\"font-family: arial, helvetica, sans-serif; font-size: 12pt; color: #000000;\">05.09.\u00a0 \u00a0 \u00a0 \u00a0 \u00a0 \u00a0 \u00a0 \u00a0 \u00a0 \u00a0 \u00a01 Gesamtkonferenz, anschlie\u00dfend Referat zum Thema &#8222;Autismus&#8220;<\/span><\/p>\n<p><span style=\"font-family: arial, helvetica, sans-serif; font-size: 12pt; color: #000000;\">08.09.\u00a0 \u00a0 \u00a0 \u00a0 \u00a0 \u00a0 \u00a0 \u00a0 \u00a0 \u00a0 \u00a0 Erster Schultag des Schuljahres 2025\/26<\/span><\/p>\n<p><span style=\"font-family: arial, helvetica, sans-serif; font-size: 12pt; color: #000000;\">08.09. bis 12.09.\u00a0 \u00a0 \u00a0Methodenwoche\u00a0<\/span><\/p>\n<p><span style=\"font-family: arial, helvetica, sans-serif; font-size: 12pt; color: #000000;\">13.09.\u00a0 \u00a0 \u00a0 \u00a0 \u00a0 \u00a0 \u00a0 \u00a0 \u00a0 \u00a0 \u00a0 Einschulung der Schulanf\u00e4nger<\/span><\/p>\n<p><span style=\"font-family: arial, helvetica, sans-serif; font-size: 12pt; color: #000000;\">23.09.\u00a0 \u00a0 \u00a0 \u00a0 \u00a0 \u00a0 \u00a0 \u00a0 \u00a0 \u00a0 \u00a0 Begr\u00fc\u00dfungsfest des eF\u00f6B<\/span><\/p>\n<p><span style=\"font-family: arial, helvetica, sans-serif; font-size: 12pt; color: #000000;\">24.09.\u00a0 \u00a0 \u00a0 \u00a0 \u00a0 \u00a0 \u00a0 \u00a0 \u00a0 \u00a0 \u00a0 Elternversammlungen<\/span><\/p>\n<p><span style=\"font-family: arial, helvetica, sans-serif; font-size: 12pt; color: #000000;\">26.09.\u00a0 \u00a0 \u00a0 \u00a0 \u00a0 \u00a0 \u00a0 \u00a0 \u00a0 \u00a0 \u00a0 1. Tag der offenen T\u00fcr<\/span><\/p>\n<p><span style=\"font-family: arial, helvetica, sans-serif; font-size: 12pt; color: #000000;\">30.09.\u00a0 \u00a0 \u00a0 \u00a0 \u00a0 \u00a0 \u00a0 \u00a0 \u00a0 \u00a0 \u00a0 1. Gesamtelternversammlung<\/span><\/p>\n<p><span style=\"font-size: 14pt; font-family: arial, helvetica, sans-serif; color: #339966;\"><strong>Oktober 2025<\/strong><\/span><\/p>\n<p><span style=\"font-family: arial, helvetica, sans-serif; font-size: 12pt; color: #000000;\">06.10 bis 17.10.\u00a0 \u00a0 \u00a0 \u00a0Anmeldezeitraum f\u00fcr Schulanf\u00e4nger\u00a0 \u00a0(<a style=\"color: #000000;\" href=\"https:\/\/www.berlin.de\/sen\/bildung\/schule\/bildungswege\/grundschule\/anmeldung\/\">Info-Seite<\/a>)\u00a0<\/span><\/p>\n<p><span style=\"font-family: arial, helvetica, sans-serif; font-size: 12pt; color: #000000;\">14.10.\u00a0 \u00a0 \u00a0 \u00a0 \u00a0 \u00a0 \u00a0 \u00a0 \u00a0 \u00a0 \u00a0 1. Schulkonferenz<\/span><\/p>\n<p><span style=\"font-family: arial, helvetica, sans-serif; font-size: 12pt; color: #000000;\">17.10.\u00a0 \u00a0 \u00a0 \u00a0 \u00a0 \u00a0 \u00a0 \u00a0 \u00a0 \u00a0 \u00a0 Herbstsingen<\/span><\/p>\n<p><span style=\"font-family: arial, helvetica, sans-serif; font-size: 12pt; color: #000000;\">20.10. bis 31.10.\u00a0 \u00a0 \u00a0Herbstferien<\/span><\/p>\n<p><span style=\"font-size: 14pt; font-family: arial, helvetica, sans-serif; color: #339966;\"><strong>November 2025<\/strong><\/span><\/p>\n<p><span style=\"font-family: arial, helvetica, sans-serif; font-size: 12pt; color: #000000;\">13.11.\u00a0 \u00a0 \u00a0 \u00a0 \u00a0 \u00a0 \u00a0 \u00a0 \u00a0 \u00a0 \u00a0 Studientag<\/span><\/p>\n<p><span style=\"font-family: arial, helvetica, sans-serif; font-size: 12pt; color: #000000;\">18.11.\u00a0 \u00a0 \u00a0 \u00a0 \u00a0 \u00a0 \u00a0 \u00a0 \u00a0 \u00a0 \u00a0 Personalversammlung<\/span><\/p>\n<p><span style=\"font-family: arial, helvetica, sans-serif; font-size: 12pt; color: #000000;\">21.11.\u00a0 \u00a0 \u00a0 \u00a0 \u00a0 \u00a0 \u00a0 \u00a0 \u00a0 \u00a0 \u00a0 Bundesweiter Vorlesetag &#8222;Vorlesen schafft Zukunft&#8220;<\/span><\/p>\n<p><span style=\"font-family: arial, helvetica, sans-serif; font-size: 12pt; color: #000000;\">28.11.\u00a0 \u00a0 \u00a0 \u00a0 \u00a0 \u00a0 \u00a0 \u00a0 \u00a0 \u00a0 \u00a0 2. Tag der offenen T\u00fcr<\/span><\/p>\n<p><span style=\"font-size: 14pt; font-family: arial, helvetica, sans-serif; color: #339966;\"><strong>Dezember 2025<\/strong><\/span><\/p>\n<p><span style=\"font-family: arial, helvetica, sans-serif; font-size: 12pt; color: #000000;\"> 01.12.\u00a0 \u00a0 \u00a0 \u00a0 \u00a0 \u00a0 \u00a0 \u00a0 \u00a0 \u00a0 \u00a0 2. Gesamtkonferenz<\/span><\/p>\n<p><span style=\"font-family: arial, helvetica, sans-serif; font-size: 12pt; color: #000000;\">12.12.\u00a0 \u00a0 \u00a0 \u00a0 \u00a0 \u00a0 \u00a0 \u00a0 \u00a0 \u00a0 \u00a0 Weihnachtsfest der Ahorn-Schule<\/span><\/p>\n<p><span style=\"font-family: arial, helvetica, sans-serif; font-size: 12pt; color: #000000;\">19.12.\u00a0 \u00a0 \u00a0 \u00a0 \u00a0 \u00a0 \u00a0 \u00a0 \u00a0 \u00a0 \u00a0Weihnachtssingen<\/span><\/p>\n<p><span style=\"font-family: arial, helvetica, sans-serif; font-size: 12pt; color: #000000;\">22.12.\u00a0 \u00a0 \u00a0 \u00a0 \u00a0 \u00a0 \u00a0 \u00a0 \u00a0 \u00a0 \u00a0Ferien zum Jahreswechsel<\/span><\/p>\n<p><span style=\"font-family: arial, helvetica, sans-serif; font-size: 14pt; color: #339966;\"><strong>Januar 2026<\/strong><\/span><\/p>\n<p><span style=\"font-family: arial, helvetica, sans-serif; font-size: 12pt; color: #000000;\">15.01.\u00a0 \u00a0 \u00a0 \u00a0 \u00a0 \u00a0 \u00a0 \u00a0 \u00a0 \u00a0 \u00a0Elternsprechtag<\/span><\/p>\n<p><span style=\"font-family: arial, helvetica, sans-serif; font-size: 12pt; color: #000000;\">22.01.\u00a0 \u00a0 \u00a0 \u00a0 \u00a0 \u00a0 \u00a0 \u00a0 \u00a0 \u00a0 \u00a0Bewegungstag<\/span><\/p>\n<p><span style=\"font-family: arial, helvetica, sans-serif; font-size: 12pt; color: #000000;\">30.01.\u00a0 \u00a0 \u00a0 \u00a0 \u00a0 \u00a0 \u00a0 \u00a0 \u00a0 \u00a0 \u00a0Zeugnisausgabe 1. Schulhalbjahr (Schultag endet nach der 3. Stunde)<\/span><\/p>\n<p><span style=\"font-size: 14pt; font-family: arial, helvetica, sans-serif; color: #339966;\"><strong>Februar 2026<\/strong><\/span><\/p>\n<p><span style=\"font-family: arial, helvetica, sans-serif; font-size: 12pt; color: #000000;\">02.02. bis 06.02.\u00a0 \u00a0 Winterferien<\/span><\/p>\n<p><span style=\"font-family: arial, helvetica, sans-serif; font-size: 12pt; color: #000000;\">10.02.\u00a0 \u00a0 \u00a0 \u00a0 \u00a0 \u00a0 \u00a0 \u00a0 \u00a0 \u00a0 \u00a02. Schulkonferenz<\/span><\/p>\n<p><span style=\"font-family: arial, helvetica, sans-serif; font-size: 12pt; color: #000000;\">16.02.\u00a0 \u00a0 \u00a0 \u00a0 \u00a0 \u00a0 \u00a0 \u00a0 \u00a0 \u00a0 \u00a0Fasching\u00a0<\/span><\/p>\n<p><span style=\"font-family: arial, helvetica, sans-serif; font-size: 12pt; color: #000000;\">23.02. bis 06.02.\u00a0 \u00a0 Matheprojekt in der Saph<\/span><\/p>\n<p><span style=\"font-size: 14pt; font-family: arial, helvetica, sans-serif; color: #339966;\"><strong>M\u00e4rz 2026<\/strong><\/span><\/p>\n<p><span style=\"font-family: arial, helvetica, sans-serif; font-size: 12pt; color: #000000;\">02.03.\u00a0 \u00a0 \u00a0 \u00a0 \u00a0 \u00a0 \u00a0 \u00a0 \u00a0 \u00a0 \u00a03. Gesamtkonferenz<\/span><\/p>\n<p><span style=\"font-family: arial, helvetica, sans-serif; font-size: 12pt; color: #000000;\">17.03.\u00a0 \u00a0 \u00a0 \u00a0 \u00a0 \u00a0 \u00a0 \u00a0 \u00a0 \u00a0 \u00a0Wiedersehenstreffen ehemaliger Kolleginnen und Kollegen<\/span><\/p>\n<p><span style=\"font-size: 14pt; font-family: arial, helvetica, sans-serif; color: #339966;\"><strong> April 2026<\/strong><\/span><\/p>\n<p><span style=\"font-family: arial, helvetica, sans-serif; font-size: 12pt; color: #000000;\">30.03. &#8211; 10.04.\u00a0 \u00a0 \u00a0 \u00a0 Fr\u00fchjahrsferien<\/span><\/p>\n<p><span style=\"font-size: 14pt; font-family: arial, helvetica, sans-serif; color: #339966;\"><strong>Mai 2026<\/strong><\/span><\/p>\n<p><span style=\"font-family: arial, helvetica, sans-serif; font-size: 12pt; color: #000000;\">13.05.\u00a0 \u00a0 \u00a0 \u00a0 \u00a0 \u00a0 \u00a0 \u00a0 \u00a0 \u00a0 \u00a0Sponsorenlauf <\/span><\/p>\n<p><span style=\"font-size: 14pt; font-family: arial, helvetica, sans-serif; color: #339966;\"><strong>Juni 2026<\/strong><\/span><\/p>\n<p><span style=\"font-family: arial, helvetica, sans-serif; font-size: 12pt; color: #000000;\">01.06.\u00a0 \u00a0 \u00a0 \u00a0 \u00a0 \u00a0 \u00a0 \u00a0 \u00a0 \u00a0 Sportfest<\/span><\/p>\n<p><span style=\"font-family: arial, helvetica, sans-serif; font-size: 12pt; color: #000000;\">08.06.\u00a0 \u00a0 \u00a0 \u00a0 \u00a0 \u00a0 \u00a0 \u00a0 \u00a0 \u00a0 \u00a0Vorlesewettbewerb<\/span><\/p>\n<p><span style=\"font-family: arial, helvetica, sans-serif; font-size: 12pt; color: #000000;\">16.06.\u00a0 \u00a0 \u00a0 \u00a0 \u00a0 \u00a0 \u00a0 \u00a0 \u00a0 \u00a0 \u00a03. Schulkonferenz<\/span><\/p>\n<p><span style=\"font-family: arial, helvetica, sans-serif; font-size: 12pt; color: #000000;\">19.06.\u00a0 \u00a0 \u00a0 \u00a0 \u00a0 \u00a0 \u00a0 \u00a0 \u00a0 \u00a0 Mathewettbewerb SAPH<\/span><\/p>\n<p><span style=\"font-family: arial, helvetica, sans-serif; font-size: 12pt; color: #000000;\">26.06.\u00a0 \u00a0 \u00a0 \u00a0 \u00a0 \u00a0 \u00a0 \u00a0 \u00a0 \u00a0 Sommerfest<\/span><\/p>\n<p><span style=\"font-family: arial, helvetica, sans-serif; font-size: 12pt; color: #000000;\">\u00a0 .\u00a0 .\u00a0 \u00a0 \u00a0 \u00a0 \u00a0 \u00a0 \u00a0 \u00a0 \u00a0 \u00a0 \u00a0 \u00a0 Elternversammlung f\u00fcr die zuk\u00fcnftigen 1. Klasse<\/span><\/p>\n<p><span style=\"font-size: 14pt; font-family: arial, helvetica, sans-serif; color: #339966;\"><strong>Juli 2026<\/strong><\/span><\/p>\n<p><span style=\"font-family: arial, helvetica, sans-serif; font-size: 12pt; color: #000000;\">07.07.\u00a0 \u00a0 \u00a0 \u00a0 \u00a0 \u00a0 \u00a0 \u00a0 \u00a0 \u00a0 \u00a0Wandertag<\/span><\/p>\n<p><span style=\"font-family: arial, helvetica, sans-serif; font-size: 12pt; color: #000000;\">08 .07.\u00a0 \u00a0 \u00a0 \u00a0 \u00a0 \u00a0 \u00a0 \u00a0 \u00a0 \u00a0Zeugnisausgabe (Schultag endet nach der 3. Stunde)<br \/>\n<\/span><\/p>\n<p><span style=\"font-family: arial, helvetica, sans-serif; font-size: 12pt; color: #000000;\">\u00a0 \u00a0 \u00a0 \u00a0 \u00a0 \u00a0 \u00a0 \u00a0 \u00a0 \u00a0 \u00a0 \u00a0 \u00a0 \u00a0 \u00a0 Ferien-Camp des OGB<\/span><\/p>\n<p>&nbsp;<\/p>\n<div class=\"table-responsive\">\n<table style=\"width: 93.0125%; height: 555px;\">\n<tbody>\n<tr>\n<td style=\"width: 26.1224%;\" width=\"163\"><span style=\"font-family: arial, helvetica, sans-serif; font-size: 14pt; color: #800080;\"><strong>Schuljahr 2025\/2026<\/strong><\/span><\/td>\n<td style=\"width: 23.1633%;\" width=\"144\"><strong><span style=\"font-family: arial, helvetica, sans-serif; font-size: 12pt; color: #333399;\"><em>Ferienbeginn<\/em><\/span><\/strong><\/td>\n<td style=\"width: 24.6939%;\" width=\"154\"><strong><span style=\"font-family: arial, helvetica, sans-serif; font-size: 12pt; color: #333399;\"><em>Ferienende<\/em><\/span><\/strong><\/td>\n<td style=\"width: 24.7959%;\" width=\"154\"><strong><span style=\"font-family: arial, helvetica, sans-serif; font-size: 12pt; color: #333399;\"><em>erster Unterrichtstag<\/em><\/span><\/strong><\/td>\n<\/tr>\n<tr>\n<td style=\"width: 26.1224%;\" width=\"163\"><strong><span style=\"font-family: arial, helvetica, sans-serif; font-size: 12pt; color: #333399;\"><em>Sommerferien<\/em><\/span><\/strong><\/td>\n<td style=\"width: 23.1633%;\" width=\"144\"><span style=\"font-family: arial, helvetica, sans-serif; font-size: 12pt; color: #333399;\">Do 24.07.2025<\/span><\/td>\n<td style=\"width: 24.6939%;\" width=\"154\"><span style=\"font-family: arial, helvetica, sans-serif; font-size: 12pt; color: #333399;\">Sa 06.09.2025<\/span><\/td>\n<td style=\"width: 24.7959%;\" width=\"154\"><span style=\"font-family: arial, helvetica, sans-serif; font-size: 12pt; color: #333399;\">Mo 08.09.2025<\/span><\/td>\n<\/tr>\n<tr>\n<td style=\"width: 26.1224%;\" width=\"163\"><strong><span style=\"font-family: arial, helvetica, sans-serif; font-size: 12pt; color: #333399;\"><em>Herbstferien<\/em><\/span><\/strong><\/td>\n<td style=\"width: 23.1633%;\" width=\"144\"><span style=\"font-family: arial, helvetica, sans-serif; font-size: 12pt; color: #333399;\">Mo 20.10.2025<\/span><\/td>\n<td style=\"width: 24.6939%;\" width=\"154\"><span style=\"font-family: arial, helvetica, sans-serif; font-size: 12pt; color: #333399;\">Sa 01.11.2025<\/span><\/td>\n<td style=\"width: 24.7959%;\" width=\"154\"><span style=\"font-family: arial, helvetica, sans-serif; font-size: 12pt; color: #333399;\">Mo 03.11.2025<\/span><\/td>\n<\/tr>\n<tr>\n<td style=\"width: 26.1224%;\" width=\"163\"><strong><span style=\"font-family: arial, helvetica, sans-serif; font-size: 12pt; color: #333399;\"><em>Weihnachtsferien<\/em><\/span><\/strong><\/td>\n<td style=\"width: 23.1633%;\" width=\"144\"><span style=\"font-family: arial, helvetica, sans-serif; font-size: 12pt; color: #333399;\">Mo 22.12.2025<\/span><\/td>\n<td style=\"width: 24.6939%;\" width=\"154\"><span style=\"font-family: arial, helvetica, sans-serif; font-size: 12pt; color: #333399;\">Fr 02.01.2026<\/span><\/td>\n<td style=\"width: 24.7959%;\" width=\"154\"><span style=\"font-family: arial, helvetica, sans-serif; font-size: 12pt; color: #333399;\">Mo 05.01.2026<\/span><\/td>\n<\/tr>\n<tr>\n<td style=\"width: 26.1224%;\" width=\"163\"><strong><span style=\"font-family: arial, helvetica, sans-serif; font-size: 12pt; color: #333399;\"><em>Winterferien<\/em><\/span><\/strong><\/td>\n<td style=\"width: 23.1633%;\" width=\"144\"><span style=\"font-family: arial, helvetica, sans-serif; font-size: 12pt; color: #333399;\">Mo 02.02.2026<\/span><\/td>\n<td style=\"width: 24.6939%;\" width=\"154\"><span style=\"font-family: arial, helvetica, sans-serif; font-size: 12pt; color: #333399;\">Sa 07.02.2026<\/span><\/td>\n<td style=\"width: 24.7959%;\" width=\"154\"><span style=\"font-family: arial, helvetica, sans-serif; font-size: 12pt; color: #333399;\">Mo 09.02.2026<\/span><\/td>\n<\/tr>\n<tr>\n<td style=\"width: 26.1224%;\" width=\"163\"><strong><span style=\"font-family: arial, helvetica, sans-serif; font-size: 12pt; color: #333399;\"><em>Osterferien<\/em><\/span><\/strong><\/td>\n<td style=\"width: 23.1633%;\" width=\"144\"><span style=\"font-family: arial, helvetica, sans-serif; font-size: 12pt; color: #333399;\">Mo 30.03.2026<\/span><\/td>\n<td style=\"width: 24.6939%;\" width=\"154\"><span style=\"font-family: arial, helvetica, sans-serif; font-size: 12pt; color: #333399;\">Fr 10.04.2026<\/span><\/td>\n<td style=\"width: 24.7959%;\" width=\"154\"><span style=\"font-family: arial, helvetica, sans-serif; font-size: 12pt; color: #333399;\">Mo 13.04.2026<\/span><\/td>\n<\/tr>\n<tr>\n<td style=\"width: 26.1224%;\" width=\"163\"><strong><span style=\"font-family: arial, helvetica, sans-serif; font-size: 12pt; color: #333399;\"><em>Unterrichtsfreier Tag<\/em><\/span><\/strong><\/td>\n<td style=\"width: 23.1633%;\" width=\"144\"><span style=\"font-family: arial, helvetica, sans-serif; font-size: 12pt; color: #333399;\">Fr 15.05.2026<\/span><\/td>\n<td style=\"width: 24.6939%;\" width=\"154\"><span style=\"font-family: arial, helvetica, sans-serif; font-size: 12pt; color: #333399;\">Fr 15.05.2026<\/span><\/td>\n<td style=\"width: 24.7959%;\" width=\"154\"><span style=\"font-family: arial, helvetica, sans-serif; font-size: 12pt; color: #333399;\">Mo 18.05.2026<\/span><\/td>\n<\/tr>\n<tr>\n<td style=\"width: 26.1224%;\" width=\"163\"><strong><span style=\"font-family: arial, helvetica, sans-serif; font-size: 12pt; color: #333399;\"><em>Pfingstferien<\/em><\/span><\/strong><\/td>\n<td style=\"width: 23.1633%;\" width=\"144\"><span style=\"font-family: arial, helvetica, sans-serif; font-size: 12pt; color: #333399;\">Di 26.05.2026<\/span><\/td>\n<td style=\"width: 24.6939%;\" width=\"154\"><span style=\"font-family: arial, helvetica, sans-serif; font-size: 12pt; color: #333399;\">Di 26.05.2026<\/span><\/td>\n<td style=\"width: 24.7959%;\" width=\"154\"><span style=\"font-family: arial, helvetica, sans-serif; font-size: 12pt; color: #333399;\">Mi 27.05.2026<\/span><\/td>\n<\/tr>\n<tr>\n<td style=\"width: 26.1224%;\" width=\"163\"><strong><span style=\"font-family: arial, helvetica, sans-serif; font-size: 12pt; color: #333399;\"><em>Sommerferien<\/em><\/span><\/strong><\/td>\n<td style=\"width: 23.1633%;\" width=\"144\"><span style=\"font-family: arial, helvetica, sans-serif; font-size: 12pt; color: #333399;\">Do 09.07.2026<\/span><\/td>\n<td style=\"width: 24.6939%;\" width=\"154\"><span style=\"font-family: arial, helvetica, sans-serif; font-size: 12pt; color: #333399;\">Sa 22.08.2026<\/span><\/td>\n<td style=\"width: 24.7959%;\" width=\"154\"><span style=\"font-family: arial, helvetica, sans-serif; font-size: 12pt; color: #333399;\">Mo 24.08.2026<\/span><\/td>\n<\/tr>\n<\/tbody>\n<\/table>\n<\/div>\n<div><\/div>\n<div><span style=\"font-size: 12pt;\"><span style=\"font-family: arial, helvetica, sans-serif;\">Eine \u00dcbersicht zu den Berliner Ferienterminen und Br\u00fcckentagen erhalten Sie <\/span><a style=\"font-family: arial, helvetica, sans-serif;\" href=\"https:\/\/www.berlin.de\/sen\/bjf\/service\/kalender\/ferien\/termine\/#2023\">hier:\u00a0<\/a>\u00a0\u00a0\u00a0\u00a0\u00a0\u00a0\u00a0\u00a0\u00a0<\/span><\/div>\n","protected":false},"excerpt":{"rendered":"<p>Termine f\u00fcr das aktuelle Schuljahr Hier finden Sie die Termine f\u00fcr das\u00a0 Schuljahr 2025\/2026. Auf den weiteren Seiten finden Sie n\u00e4here Erl\u00e4uterungen oder Beitr\u00e4ge zu den einzelnen Veranstaltungen. Termine aus dem Hortbereich (Hortveranstaltungen und Schlie\u00dfzeiten) erhalten Sie hier. &nbsp; &nbsp; Schuljahr 2025\/2026 &nbsp; September 2025 ab 03.09.\u00a0 \u00a0 \u00a0 \u00a0 \u00a0 \u00a0 \u00a0 \u00a0 \u00a0Vorbereitungswoche [&hellip;]<\/p>\n","protected":false},"author":1,"featured_media":0,"parent":0,"menu_order":0,"comment_status":"closed","ping_status":"closed","template":"","meta":{"footnotes":""},"class_list":["post-287","page","type-page","status-publish","hentry"],"_links":{"self":[{"href":"https:\/\/ahorn-schule.de\/index.php?rest_route=\/wp\/v2\/pages\/287","targetHints":{"allow":["GET"]}}],"collection":[{"href":"https:\/\/ahorn-schule.de\/index.php?rest_route=\/wp\/v2\/pages"}],"about":[{"href":"https:\/\/ahorn-schule.de\/index.php?rest_route=\/wp\/v2\/types\/page"}],"author":[{"embeddable":true,"href":"https:\/\/ahorn-schule.de\/index.php?rest_route=\/wp\/v2\/users\/1"}],"replies":[{"embeddable":true,"href":"https:\/\/ahorn-schule.de\/index.php?rest_route=%2Fwp%2Fv2%2Fcomments&post=287"}],"version-history":[{"count":136,"href":"https:\/\/ahorn-schule.de\/index.php?rest_route=\/wp\/v2\/pages\/287\/revisions"}],"predecessor-version":[{"id":6433,"href":"https:\/\/ahorn-schule.de\/index.php?rest_route=\/wp\/v2\/pages\/287\/revisions\/6433"}],"wp:attachment":[{"href":"https:\/\/ahorn-schule.de\/index.php?rest_route=%2Fwp%2Fv2%2Fmedia&parent=287"}],"curies":[{"name":"wp","href":"https:\/\/api.w.org\/{rel}","templated":true}]}}